{"version":"1.0","provider_name":"La botiga de Carns Bertran","provider_url":"https:\/\/labotigadecarnsbertran.cat\/es\/","author_name":"Sergi","author_url":"https:\/\/labotigadecarnsbertran.cat\/es\/author\/sergi\/","title":"Pernil de Terol tallat a m\u00e0quina - La botiga de Carns Bertran","type":"rich","width":600,"height":338,"html":"<blockquote class=\"wp-embedded-content\" data-secret=\"tMHC2YvowZ\"><a href=\"https:\/\/labotigadecarnsbertran.cat\/es\/producto\/lacon-salado-copia\/\">Fabes Asturianas<\/a><\/blockquote><iframe sandbox=\"allow-scripts\" security=\"restricted\" src=\"https:\/\/labotigadecarnsbertran.cat\/es\/producto\/lacon-salado-copia\/embed\/#?secret=tMHC2YvowZ\" width=\"600\" height=\"338\" title=\"&#8220;Fabes Asturianas&#8221; &#8212; La botiga de Carns Bertran\" data-secret=\"tMHC2YvowZ\" frameborder=\"0\" marginwidth=\"0\" marginheight=\"0\" scrolling=\"no\" class=\"wp-embedded-content\"><\/iframe><script type=\"text\/javascript\">\n\/* <![CDATA[ *\/\n\/*! This file is auto-generated *\/\n!function(d,l){\"use strict\";l.querySelector&&d.addEventListener&&\"undefined\"!=typeof URL&&(d.wp=d.wp||{},d.wp.receiveEmbedMessage||(d.wp.receiveEmbedMessage=function(e){var t=e.data;if((t||t.secret||t.message||t.value)&&!\/[^a-zA-Z0-9]\/.test(t.secret)){for(var s,r,n,a=l.querySelectorAll('iframe[data-secret=\"'+t.secret+'\"]'),o=l.querySelectorAll('blockquote[data-secret=\"'+t.secret+'\"]'),c=new RegExp(\"^https?:$\",\"i\"),i=0;i<o.length;i++)o[i].style.display=\"none\";for(i=0;i<a.length;i++)s=a[i],e.source===s.contentWindow&&(s.removeAttribute(\"style\"),\"height\"===t.message?(1e3<(r=parseInt(t.value,10))?r=1e3:~~r<200&&(r=200),s.height=r):\"link\"===t.message&&(r=new URL(s.getAttribute(\"src\")),n=new URL(t.value),c.test(n.protocol))&&n.host===r.host&&l.activeElement===s&&(d.top.location.href=t.value))}},d.addEventListener(\"message\",d.wp.receiveEmbedMessage,!1),l.addEventListener(\"DOMContentLoaded\",function(){for(var e,t,s=l.querySelectorAll(\"iframe.wp-embedded-content\"),r=0;r<s.length;r++)(t=(e=s[r]).getAttribute(\"data-secret\"))||(t=Math.random().toString(36).substring(2,12),e.src+=\"#?secret=\"+t,e.setAttribute(\"data-secret\",t)),e.contentWindow.postMessage({message:\"ready\",secret:t},\"*\")},!1)))}(window,document);\n\/\/# sourceURL=https:\/\/labotigadecarnsbertran.cat\/wp-includes\/js\/wp-embed.min.js\n\/* ]]> *\/\n<\/script>\n","thumbnail_url":"https:\/\/labotigadecarnsbertran.cat\/wp-content\/uploads\/2026\/04\/MG_8577.jpg","thumbnail_width":1200,"thumbnail_height":800,"description":"Fabes Asturianas. \"Fabes\" de la granja Asturiana con indicaci\u00f3n Geogr\u00e1fica Protegida (IGP) La raci\u00f3n por persona es de 125gr. \"Fabes\" de la granja Asturiana con indicaci\u00f3n Geogr\u00e1fica Protegida (IGP) La raci\u00f3n por persona es de 125gr."}

Pernil de Terol tallat a màquina - La botiga de Carns Bertran

Fabes Asturianas. "Fabes" de la granja Asturiana con indicación Geográfica Protegida (IGP) La ración por persona es de 125gr. "Fabes" de la granja Asturiana con indicación Geográfica Protegida (IGP) La ración por persona es de 125gr.
