{"id":5344,"date":"2025-02-21T11:45:27","date_gmt":"2025-02-21T11:45:27","guid":{"rendered":"https:\/\/labotigadecarnsbertran.cat\/?post_type=product&#038;p=5344"},"modified":"2026-03-09T13:03:27","modified_gmt":"2026-03-09T13:03:27","slug":"jamon-cebo-50-iberico-guijuelo","status":"publish","type":"product","link":"https:\/\/labotigadecarnsbertran.cat\/es\/producto\/jamon-cebo-50-iberico-guijuelo\/","title":{"rendered":"Jam\u00f3n de recebo 50% Ib\u00e9rico Guijuelo corte a mano"},"content":{"rendered":"<p><strong>Jam\u00f3n cebo 50% Ib\u00e9rico Guijuelo<\/strong> procedente de la Sierra de Gredos. Un jam\u00f3n muy sabroso de 18\/22 meses de curaci\u00f3n. Lo cortamos a mano y lo servimos en bandeja o saco de papel como usted pide. La raza del cerdo es Duroc.<\/p>\n<ul>\n<li>Paquete al vac\u00edo cebo 50% Ib\u00e9rico Guijuelo<\/li>\n<li>Paquete al vac\u00edo jam\u00f3n 50% ib\u00e9rico reserva de Guijuelo. El jam\u00f3n va separado en capas para mejor consumo<\/li>\n<li>Origen: Salamanca<\/li>\n<\/ul>\n<p><strong>Sobre de papel, bandeja o paquete al vac\u00edo de 100g i 200g.<\/strong><\/p>\n","protected":false},"excerpt":{"rendered":"<p><strong>Jam\u00f3n cebo 50% Ib\u00e9rico Guijuelo<\/strong><\/p>\n<p><strong>Sobre de papel, bandeja o paquete al vac\u00edo de 100g i 200g.<\/strong><\/p>\n","protected":false},"featured_media":5330,"comment_status":"closed","ping_status":"closed","template":"","meta":[],"product_brand":[],"product_cat":[159,360],"product_tag":[],"class_list":{"0":"post-5344","1":"product","2":"type-product","3":"status-publish","4":"has-post-thumbnail","6":"product_cat-charcuteria-y-quesos","7":"product_cat-jamon","9":"first","10":"instock","11":"taxable","12":"shipping-taxable","13":"purchasable","14":"product-type-variable"},"yoast_head":"<!-- This site is optimized with the Yoast SEO plugin v27.5 - https:\/\/yoast.com\/product\/yoast-seo-wordpress\/ -->\n<title>Jam\u00f3n de recebo 50% Ib\u00e9rico Guijuelo corte a mano - La botiga de Carns Bertran<\/title>\n<meta name=\"description\" content=\"Sobre de pernil curat de Salamanca\u00a0al buit procedent de la Sierra de Gredos. Un pernil molt gust\u00f3s de 18\/22 mesos de curaci\u00f3.\" \/>\n<meta name=\"robots\" content=\"index, follow, max-snippet:-1, max-image-preview:large, max-video-preview:-1\" \/>\n<link rel=\"canonical\" href=\"https:\/\/labotigadecarnsbertran.cat\/es\/producto\/jamon-cebo-50-iberico-guijuelo\/\" \/>\n<meta property=\"og:locale\" content=\"es_ES\" \/>\n<meta property=\"og:type\" content=\"article\" \/>\n<meta property=\"og:title\" content=\"Jam\u00f3n de recebo 50% Ib\u00e9rico Guijuelo corte a mano - La botiga de Carns Bertran\" \/>\n<meta property=\"og:description\" content=\"Sobre de pernil curat de Salamanca\u00a0al buit procedent de la Sierra de Gredos. Un pernil molt gust\u00f3s de 18\/22 mesos de curaci\u00f3.\" \/>\n<meta property=\"og:url\" content=\"https:\/\/labotigadecarnsbertran.cat\/es\/producto\/jamon-cebo-50-iberico-guijuelo\/\" \/>\n<meta property=\"og:site_name\" content=\"La botiga de Carns Bertran\" \/>\n<meta property=\"article:modified_time\" content=\"2026-03-09T13:03:27+00:00\" \/>\n<meta property=\"og:image\" content=\"http:\/\/labotigadecarnsbertran.cat\/wp-content\/uploads\/2025\/02\/MG_9237.jpg\" \/>\n\t<meta property=\"og:image:width\" content=\"1200\" \/>\n\t<meta property=\"og:image:height\" content=\"800\" \/>\n\t<meta property=\"og:image:type\" content=\"image\/jpeg\" \/>\n<meta name=\"twitter:card\" content=\"summary_large_image\" \/>\n<meta name=\"twitter:label1\" content=\"Est. reading time\" \/>\n\t<meta name=\"twitter:data1\" content=\"1 minute\" \/>\n<script type=\"application\/ld+json\" class=\"yoast-schema-graph\">{\"@context\":\"https:\\\/\\\/schema.org\",\"@graph\":[{\"@type\":\"WebPage\",\"@id\":\"https:\\\/\\\/labotigadecarnsbertran.cat\\\/es\\\/producto\\\/jamon-cebo-50-iberico-guijuelo\\\/\",\"url\":\"https:\\\/\\\/labotigadecarnsbertran.cat\\\/es\\\/producto\\\/jamon-cebo-50-iberico-guijuelo\\\/\",\"name\":\"Jam\u00f3n de recebo 50% Ib\u00e9rico Guijuelo corte a mano - La botiga de Carns Bertran\",\"isPartOf\":{\"@id\":\"https:\\\/\\\/labotigadecarnsbertran.cat\\\/#website\"},\"primaryImageOfPage\":{\"@id\":\"https:\\\/\\\/labotigadecarnsbertran.cat\\\/es\\\/producto\\\/jamon-cebo-50-iberico-guijuelo\\\/#primaryimage\"},\"image\":{\"@id\":\"https:\\\/\\\/labotigadecarnsbertran.cat\\\/es\\\/producto\\\/jamon-cebo-50-iberico-guijuelo\\\/#primaryimage\"},\"thumbnailUrl\":\"https:\\\/\\\/labotigadecarnsbertran.cat\\\/wp-content\\\/uploads\\\/2025\\\/02\\\/MG_9237.jpg\",\"datePublished\":\"2025-02-21T11:45:27+00:00\",\"dateModified\":\"2026-03-09T13:03:27+00:00\",\"description\":\"Sobre de pernil curat de Salamanca\u00a0al buit procedent de la Sierra de Gredos. Un pernil molt gust\u00f3s de 18\\\/22 mesos de curaci\u00f3.\",\"breadcrumb\":{\"@id\":\"https:\\\/\\\/labotigadecarnsbertran.cat\\\/es\\\/producto\\\/jamon-cebo-50-iberico-guijuelo\\\/#breadcrumb\"},\"inLanguage\":\"es-ES\",\"potentialAction\":[{\"@type\":\"ReadAction\",\"target\":[\"https:\\\/\\\/labotigadecarnsbertran.cat\\\/es\\\/producto\\\/jamon-cebo-50-iberico-guijuelo\\\/\"]}]},{\"@type\":\"ImageObject\",\"inLanguage\":\"es-ES\",\"@id\":\"https:\\\/\\\/labotigadecarnsbertran.cat\\\/es\\\/producto\\\/jamon-cebo-50-iberico-guijuelo\\\/#primaryimage\",\"url\":\"https:\\\/\\\/labotigadecarnsbertran.cat\\\/wp-content\\\/uploads\\\/2025\\\/02\\\/MG_9237.jpg\",\"contentUrl\":\"https:\\\/\\\/labotigadecarnsbertran.cat\\\/wp-content\\\/uploads\\\/2025\\\/02\\\/MG_9237.jpg\",\"width\":1200,\"height\":800,\"caption\":\"Pernil enceball 50% Ib\u00e8ric de Guijuelo al tall\"},{\"@type\":\"BreadcrumbList\",\"@id\":\"https:\\\/\\\/labotigadecarnsbertran.cat\\\/es\\\/producto\\\/jamon-cebo-50-iberico-guijuelo\\\/#breadcrumb\",\"itemListElement\":[{\"@type\":\"ListItem\",\"position\":1,\"name\":\"Inici\",\"item\":\"https:\\\/\\\/labotigadecarnsbertran.cat\\\/es\\\/\"},{\"@type\":\"ListItem\",\"position\":2,\"name\":\"Productes\",\"item\":\"https:\\\/\\\/labotigadecarnsbertran.cat\\\/shop\\\/\"},{\"@type\":\"ListItem\",\"position\":3,\"name\":\"Jam\u00f3n de recebo 50% Ib\u00e9rico Guijuelo corte a mano\"}]},{\"@type\":\"WebSite\",\"@id\":\"https:\\\/\\\/labotigadecarnsbertran.cat\\\/#website\",\"url\":\"https:\\\/\\\/labotigadecarnsbertran.cat\\\/\",\"name\":\"La botiga de Carns Bertran\",\"description\":\"Compra online\",\"potentialAction\":[{\"@type\":\"SearchAction\",\"target\":{\"@type\":\"EntryPoint\",\"urlTemplate\":\"https:\\\/\\\/labotigadecarnsbertran.cat\\\/?s={search_term_string}\"},\"query-input\":{\"@type\":\"PropertyValueSpecification\",\"valueRequired\":true,\"valueName\":\"search_term_string\"}}],\"inLanguage\":\"es-ES\"}]}<\/script>\n<!-- \/ Yoast SEO plugin. -->","yoast_head_json":{"title":"Jam\u00f3n de recebo 50% Ib\u00e9rico Guijuelo corte a mano - La botiga de Carns Bertran","description":"Sobre de pernil curat de Salamanca\u00a0al buit procedent de la Sierra de Gredos. Un pernil molt gust\u00f3s de 18\/22 mesos de curaci\u00f3.","robots":{"index":"index","follow":"follow","max-snippet":"max-snippet:-1","max-image-preview":"max-image-preview:large","max-video-preview":"max-video-preview:-1"},"canonical":"https:\/\/labotigadecarnsbertran.cat\/es\/producto\/jamon-cebo-50-iberico-guijuelo\/","og_locale":"es_ES","og_type":"article","og_title":"Jam\u00f3n de recebo 50% Ib\u00e9rico Guijuelo corte a mano - La botiga de Carns Bertran","og_description":"Sobre de pernil curat de Salamanca\u00a0al buit procedent de la Sierra de Gredos. Un pernil molt gust\u00f3s de 18\/22 mesos de curaci\u00f3.","og_url":"https:\/\/labotigadecarnsbertran.cat\/es\/producto\/jamon-cebo-50-iberico-guijuelo\/","og_site_name":"La botiga de Carns Bertran","article_modified_time":"2026-03-09T13:03:27+00:00","og_image":[{"width":1200,"height":800,"url":"http:\/\/labotigadecarnsbertran.cat\/wp-content\/uploads\/2025\/02\/MG_9237.jpg","type":"image\/jpeg"}],"twitter_card":"summary_large_image","twitter_misc":{"Est. reading time":"1 minute"},"schema":{"@context":"https:\/\/schema.org","@graph":[{"@type":"WebPage","@id":"https:\/\/labotigadecarnsbertran.cat\/es\/producto\/jamon-cebo-50-iberico-guijuelo\/","url":"https:\/\/labotigadecarnsbertran.cat\/es\/producto\/jamon-cebo-50-iberico-guijuelo\/","name":"Jam\u00f3n de recebo 50% Ib\u00e9rico Guijuelo corte a mano - La botiga de Carns Bertran","isPartOf":{"@id":"https:\/\/labotigadecarnsbertran.cat\/#website"},"primaryImageOfPage":{"@id":"https:\/\/labotigadecarnsbertran.cat\/es\/producto\/jamon-cebo-50-iberico-guijuelo\/#primaryimage"},"image":{"@id":"https:\/\/labotigadecarnsbertran.cat\/es\/producto\/jamon-cebo-50-iberico-guijuelo\/#primaryimage"},"thumbnailUrl":"https:\/\/labotigadecarnsbertran.cat\/wp-content\/uploads\/2025\/02\/MG_9237.jpg","datePublished":"2025-02-21T11:45:27+00:00","dateModified":"2026-03-09T13:03:27+00:00","description":"Sobre de pernil curat de Salamanca\u00a0al buit procedent de la Sierra de Gredos. Un pernil molt gust\u00f3s de 18\/22 mesos de curaci\u00f3.","breadcrumb":{"@id":"https:\/\/labotigadecarnsbertran.cat\/es\/producto\/jamon-cebo-50-iberico-guijuelo\/#breadcrumb"},"inLanguage":"es-ES","potentialAction":[{"@type":"ReadAction","target":["https:\/\/labotigadecarnsbertran.cat\/es\/producto\/jamon-cebo-50-iberico-guijuelo\/"]}]},{"@type":"ImageObject","inLanguage":"es-ES","@id":"https:\/\/labotigadecarnsbertran.cat\/es\/producto\/jamon-cebo-50-iberico-guijuelo\/#primaryimage","url":"https:\/\/labotigadecarnsbertran.cat\/wp-content\/uploads\/2025\/02\/MG_9237.jpg","contentUrl":"https:\/\/labotigadecarnsbertran.cat\/wp-content\/uploads\/2025\/02\/MG_9237.jpg","width":1200,"height":800,"caption":"Pernil enceball 50% Ib\u00e8ric de Guijuelo al tall"},{"@type":"BreadcrumbList","@id":"https:\/\/labotigadecarnsbertran.cat\/es\/producto\/jamon-cebo-50-iberico-guijuelo\/#breadcrumb","itemListElement":[{"@type":"ListItem","position":1,"name":"Inici","item":"https:\/\/labotigadecarnsbertran.cat\/es\/"},{"@type":"ListItem","position":2,"name":"Productes","item":"https:\/\/labotigadecarnsbertran.cat\/shop\/"},{"@type":"ListItem","position":3,"name":"Jam\u00f3n de recebo 50% Ib\u00e9rico Guijuelo corte a mano"}]},{"@type":"WebSite","@id":"https:\/\/labotigadecarnsbertran.cat\/#website","url":"https:\/\/labotigadecarnsbertran.cat\/","name":"La botiga de Carns Bertran","description":"Compra online","potentialAction":[{"@type":"SearchAction","target":{"@type":"EntryPoint","urlTemplate":"https:\/\/labotigadecarnsbertran.cat\/?s={search_term_string}"},"query-input":{"@type":"PropertyValueSpecification","valueRequired":true,"valueName":"search_term_string"}}],"inLanguage":"es-ES"}]}},"_links":{"self":[{"href":"https:\/\/labotigadecarnsbertran.cat\/es\/wp-json\/wp\/v2\/product\/5344","targetHints":{"allow":["GET"]}}],"collection":[{"href":"https:\/\/labotigadecarnsbertran.cat\/es\/wp-json\/wp\/v2\/product"}],"about":[{"href":"https:\/\/labotigadecarnsbertran.cat\/es\/wp-json\/wp\/v2\/types\/product"}],"replies":[{"embeddable":true,"href":"https:\/\/labotigadecarnsbertran.cat\/es\/wp-json\/wp\/v2\/comments?post=5344"}],"wp:featuredmedia":[{"embeddable":true,"href":"https:\/\/labotigadecarnsbertran.cat\/es\/wp-json\/wp\/v2\/media\/5330"}],"wp:attachment":[{"href":"https:\/\/labotigadecarnsbertran.cat\/es\/wp-json\/wp\/v2\/media?parent=5344"}],"wp:term":[{"taxonomy":"product_brand","embeddable":true,"href":"https:\/\/labotigadecarnsbertran.cat\/es\/wp-json\/wp\/v2\/product_brand?post=5344"},{"taxonomy":"product_cat","embeddable":true,"href":"https:\/\/labotigadecarnsbertran.cat\/es\/wp-json\/wp\/v2\/product_cat?post=5344"},{"taxonomy":"product_tag","embeddable":true,"href":"https:\/\/labotigadecarnsbertran.cat\/es\/wp-json\/wp\/v2\/product_tag?post=5344"}],"curies":[{"name":"wp","href":"https:\/\/api.w.org\/{rel}","templated":true}]}}

Jamón de recebo 50% Ibérico Guijuelo corte a mano

<p><strong>Jamón cebo 50% Ibérico Guijuelo</strong> procedente de la Sierra de Gredos. Un jamón muy sabroso de 18/22 meses de curación. Lo cortamos a mano y lo servimos en bandeja o saco de papel como usted pide. La raza del cerdo es Duroc.</p>
<ul>
<li>Paquete al vacío cebo 50% Ibérico Guijuelo</li>
<li>Paquete al vacío jamón 50% ibérico reserva de Guijuelo. El jamón va separado en capas para mejor consumo</li>
<li>Origen: Salamanca</li>
</ul>
<p><strong>Sobre de papel, bandeja o paquete al vacío de 100g i 200g.</strong></p>

<p><strong>Jamón cebo 50% Ibérico Guijuelo</strong></p>
<p><strong>Sobre de papel, bandeja o paquete al vacío de 100g i 200g.</strong></p>

<!-- This site is optimized with the Yoast SEO plugin v27.5 - https://yoast.com/product/yoast-seo-wordpress/ -->
<title>Jamón de recebo 50% Ibérico Guijuelo corte a mano - La botiga de Carns Bertran</title>
<meta name="description" content="Sobre de pernil curat de Salamanca al buit procedent de la Sierra de Gredos. Un pernil molt gustós de 18/22 mesos de curació." />
<meta name="robots" content="index, follow, max-snippet:-1, max-image-preview:large, max-video-preview:-1" />
<link rel="canonical" href="https://labotigadecarnsbertran.cat/es/producto/jamon-cebo-50-iberico-guijuelo/" />
<meta property="og:locale" content="es_ES" />
<meta property="og:type" content="article" />
<meta property="og:title" content="Jamón de recebo 50% Ibérico Guijuelo corte a mano - La botiga de Carns Bertran" />
<meta property="og:description" content="Sobre de pernil curat de Salamanca al buit procedent de la Sierra de Gredos. Un pernil molt gustós de 18/22 mesos de curació." />
<meta property="og:url" content="https://labotigadecarnsbertran.cat/es/producto/jamon-cebo-50-iberico-guijuelo/" />
<meta property="og:site_name" content="La botiga de Carns Bertran" />
<meta property="article:modified_time" content="2026-03-09T13:03:27+00:00" />
<meta property="og:image" content="http://labotigadecarnsbertran.cat/wp-content/uploads/2025/02/MG_9237.jpg" />
	<meta property="og:image:width" content="1200" />
	<meta property="og:image:height" content="800" />
	<meta property="og:image:type" content="image/jpeg" />
<meta name="twitter:card" content="summary_large_image" />
<meta name="twitter:label1" content="Est. reading time" />
	<meta name="twitter:data1" content="1 minute" />
<script type="application/ld+json" class="yoast-schema-graph">{"@context":"https:\/\/schema.org","@graph":[{"@type":"WebPage","@id":"https:\/\/labotigadecarnsbertran.cat\/es\/producto\/jamon-cebo-50-iberico-guijuelo\/","url":"https:\/\/labotigadecarnsbertran.cat\/es\/producto\/jamon-cebo-50-iberico-guijuelo\/","name":"Jamón de recebo 50% Ibérico Guijuelo corte a mano - La botiga de Carns Bertran","isPartOf":{"@id":"https:\/\/labotigadecarnsbertran.cat\/#website"},"primaryImageOfPage":{"@id":"https:\/\/labotigadecarnsbertran.cat\/es\/producto\/jamon-cebo-50-iberico-guijuelo\/#primaryimage"},"image":{"@id":"https:\/\/labotigadecarnsbertran.cat\/es\/producto\/jamon-cebo-50-iberico-guijuelo\/#primaryimage"},"thumbnailUrl":"https:\/\/labotigadecarnsbertran.cat\/wp-content\/uploads\/2025\/02\/MG_9237.jpg","datePublished":"2025-02-21T11:45:27+00:00","dateModified":"2026-03-09T13:03:27+00:00","description":"Sobre de pernil curat de Salamanca al buit procedent de la Sierra de Gredos. Un pernil molt gustós de 18\/22 mesos de curació.","breadcrumb":{"@id":"https:\/\/labotigadecarnsbertran.cat\/es\/producto\/jamon-cebo-50-iberico-guijuelo\/#breadcrumb"},"inLanguage":"es-ES","potentialAction":[{"@type":"ReadAction","target":["https:\/\/labotigadecarnsbertran.cat\/es\/producto\/jamon-cebo-50-iberico-guijuelo\/"]}]},{"@type":"ImageObject","inLanguage":"es-ES","@id":"https:\/\/labotigadecarnsbertran.cat\/es\/producto\/jamon-cebo-50-iberico-guijuelo\/#primaryimage","url":"https:\/\/labotigadecarnsbertran.cat\/wp-content\/uploads\/2025\/02\/MG_9237.jpg","contentUrl":"https:\/\/labotigadecarnsbertran.cat\/wp-content\/uploads\/2025\/02\/MG_9237.jpg","width":1200,"height":800,"caption":"Pernil enceball 50% Ibèric de Guijuelo al tall"},{"@type":"BreadcrumbList","@id":"https:\/\/labotigadecarnsbertran.cat\/es\/producto\/jamon-cebo-50-iberico-guijuelo\/#breadcrumb","itemListElement":[{"@type":"ListItem","position":1,"name":"Inici","item":"https:\/\/labotigadecarnsbertran.cat\/es\/"},{"@type":"ListItem","position":2,"name":"Productes","item":"https:\/\/labotigadecarnsbertran.cat\/shop\/"},{"@type":"ListItem","position":3,"name":"Jamón de recebo 50% Ibérico Guijuelo corte a mano"}]},{"@type":"WebSite","@id":"https:\/\/labotigadecarnsbertran.cat\/#website","url":"https:\/\/labotigadecarnsbertran.cat\/","name":"La botiga de Carns Bertran","description":"Compra online","potentialAction":[{"@type":"SearchAction","target":{"@type":"EntryPoint","urlTemplate":"https:\/\/labotigadecarnsbertran.cat\/?s={search_term_string}"},"query-input":{"@type":"PropertyValueSpecification","valueRequired":true,"valueName":"search_term_string"}}],"inLanguage":"es-ES"}]}</script>
<!-- / Yoast SEO plugin. -->

Jamón de recebo 50% Ibérico Guijuelo corte a mano - La botiga de Carns Bertran

Sobre de pernil curat de Salamanca al buit procedent de la Sierra de Gredos. Un pernil molt gustós de 18/22 mesos de curació.

Pernil enceball 50% Ibèric de Guijuelo al tall
