{"id":6038,"date":"2026-03-04T18:06:50","date_gmt":"2026-03-04T18:06:50","guid":{"rendered":"https:\/\/labotigadecarnsbertran.cat\/?post_type=product&#038;p=6038"},"modified":"2026-03-04T18:17:13","modified_gmt":"2026-03-04T18:17:13","slug":"jamon-cebo-50-iberico-guijuelo-copia","status":"publish","type":"product","link":"https:\/\/labotigadecarnsbertran.cat\/es\/producto\/jamon-cebo-50-iberico-guijuelo-copia\/","title":{"rendered":"Jam\u00f3n de Soria cortado a m\u00e1quina"},"content":{"rendered":"<p>Centro de jam\u00f3n de Soria deshuesado, cortado a m\u00e1quina. Jam\u00f3n muy magro para quienes no gustan del exceso de grasa. Ideal para bocadillos. Paquetes de 200 g al vac\u00edo, separados en capas para una mejor extracci\u00f3n, o en bandeja.<\/p>\n<ul>\n<li>Los paquetes al vac\u00edo de jam\u00f3n curado, si no pierden el vac\u00edo, tienen una caducidad de 3 meses. Como todos los paquetes se elaboran por encargo, la caducidad comienza a partir del d\u00eda de la compra.<\/li>\n<li>Refrigerado: S\u00ed<\/li>\n<li>Congelado: No<\/li>\n<li>Al\u00e9rgenos: No<\/li>\n<li>Gluten: No<\/li>\n<li>Origen: Soria<\/li>\n<\/ul>\n<p><strong>Sobre de papel, bandeja o paquete al vac\u00edo de 100\u202fg o 200\u202fg<\/strong><\/p>\n","protected":false},"excerpt":{"rendered":"<p>Centro de jam\u00f3n de Soria cortado a m\u00e1quina. Paquete al vac\u00edo, sobre de papel o bandeja de 100 o 200\u202fg<\/p>\n","protected":false},"featured_media":6052,"comment_status":"closed","ping_status":"closed","template":"","meta":[],"product_brand":[],"product_cat":[159,360],"product_tag":[],"class_list":{"0":"post-6038","1":"product","2":"type-product","3":"status-publish","4":"has-post-thumbnail","6":"product_cat-charcuteria-y-quesos","7":"product_cat-jamon","9":"first","10":"instock","11":"taxable","12":"shipping-taxable","13":"purchasable","14":"product-type-variable"},"yoast_head":"<!-- This site is optimized with the Yoast SEO plugin v27.5 - https:\/\/yoast.com\/product\/yoast-seo-wordpress\/ -->\n<title>Jam\u00f3n de Soria cortado a m\u00e1quina - La botiga de Carns Bertran<\/title>\n<meta name=\"description\" content=\"Jam\u00f3n de Soria cortado a m\u00e1quina. Los paquetes al vac\u00edo de jam\u00f3n curado, si no pierden el vac\u00edo, tienen una caducidad de 3 meses.\" \/>\n<meta name=\"robots\" content=\"index, follow, max-snippet:-1, max-image-preview:large, max-video-preview:-1\" \/>\n<link rel=\"canonical\" href=\"https:\/\/labotigadecarnsbertran.cat\/es\/producto\/jamon-cebo-50-iberico-guijuelo-copia\/\" \/>\n<meta property=\"og:locale\" content=\"es_ES\" \/>\n<meta property=\"og:type\" content=\"article\" \/>\n<meta property=\"og:title\" content=\"Jam\u00f3n de Soria cortado a m\u00e1quina - La botiga de Carns Bertran\" \/>\n<meta property=\"og:description\" content=\"Jam\u00f3n de Soria cortado a m\u00e1quina. Los paquetes al vac\u00edo de jam\u00f3n curado, si no pierden el vac\u00edo, tienen una caducidad de 3 meses.\" \/>\n<meta property=\"og:url\" content=\"https:\/\/labotigadecarnsbertran.cat\/es\/producto\/jamon-cebo-50-iberico-guijuelo-copia\/\" \/>\n<meta property=\"og:site_name\" content=\"La botiga de Carns Bertran\" \/>\n<meta property=\"article:modified_time\" content=\"2026-03-04T18:17:13+00:00\" \/>\n<meta property=\"og:image\" content=\"http:\/\/labotigadecarnsbertran.cat\/wp-content\/uploads\/2026\/03\/MG_9249.jpg\" \/>\n\t<meta property=\"og:image:width\" content=\"1200\" \/>\n\t<meta property=\"og:image:height\" content=\"800\" \/>\n\t<meta property=\"og:image:type\" content=\"image\/jpeg\" \/>\n<meta name=\"twitter:card\" content=\"summary_large_image\" \/>\n<meta name=\"twitter:label1\" content=\"Est. reading time\" \/>\n\t<meta name=\"twitter:data1\" content=\"1 minute\" \/>\n<script type=\"application\/ld+json\" class=\"yoast-schema-graph\">{\"@context\":\"https:\\\/\\\/schema.org\",\"@graph\":[{\"@type\":\"WebPage\",\"@id\":\"https:\\\/\\\/labotigadecarnsbertran.cat\\\/es\\\/producto\\\/jamon-cebo-50-iberico-guijuelo-copia\\\/\",\"url\":\"https:\\\/\\\/labotigadecarnsbertran.cat\\\/es\\\/producto\\\/jamon-cebo-50-iberico-guijuelo-copia\\\/\",\"name\":\"Jam\u00f3n de Soria cortado a m\u00e1quina - La botiga de Carns Bertran\",\"isPartOf\":{\"@id\":\"https:\\\/\\\/labotigadecarnsbertran.cat\\\/#website\"},\"primaryImageOfPage\":{\"@id\":\"https:\\\/\\\/labotigadecarnsbertran.cat\\\/es\\\/producto\\\/jamon-cebo-50-iberico-guijuelo-copia\\\/#primaryimage\"},\"image\":{\"@id\":\"https:\\\/\\\/labotigadecarnsbertran.cat\\\/es\\\/producto\\\/jamon-cebo-50-iberico-guijuelo-copia\\\/#primaryimage\"},\"thumbnailUrl\":\"https:\\\/\\\/labotigadecarnsbertran.cat\\\/wp-content\\\/uploads\\\/2026\\\/03\\\/MG_9249.jpg\",\"datePublished\":\"2026-03-04T18:06:50+00:00\",\"dateModified\":\"2026-03-04T18:17:13+00:00\",\"description\":\"Jam\u00f3n de Soria cortado a m\u00e1quina. Los paquetes al vac\u00edo de jam\u00f3n curado, si no pierden el vac\u00edo, tienen una caducidad de 3 meses.\",\"breadcrumb\":{\"@id\":\"https:\\\/\\\/labotigadecarnsbertran.cat\\\/es\\\/producto\\\/jamon-cebo-50-iberico-guijuelo-copia\\\/#breadcrumb\"},\"inLanguage\":\"es-ES\",\"potentialAction\":[{\"@type\":\"ReadAction\",\"target\":[\"https:\\\/\\\/labotigadecarnsbertran.cat\\\/es\\\/producto\\\/jamon-cebo-50-iberico-guijuelo-copia\\\/\"]}]},{\"@type\":\"ImageObject\",\"inLanguage\":\"es-ES\",\"@id\":\"https:\\\/\\\/labotigadecarnsbertran.cat\\\/es\\\/producto\\\/jamon-cebo-50-iberico-guijuelo-copia\\\/#primaryimage\",\"url\":\"https:\\\/\\\/labotigadecarnsbertran.cat\\\/wp-content\\\/uploads\\\/2026\\\/03\\\/MG_9249.jpg\",\"contentUrl\":\"https:\\\/\\\/labotigadecarnsbertran.cat\\\/wp-content\\\/uploads\\\/2026\\\/03\\\/MG_9249.jpg\",\"width\":1200,\"height\":800},{\"@type\":\"BreadcrumbList\",\"@id\":\"https:\\\/\\\/labotigadecarnsbertran.cat\\\/es\\\/producto\\\/jamon-cebo-50-iberico-guijuelo-copia\\\/#breadcrumb\",\"itemListElement\":[{\"@type\":\"ListItem\",\"position\":1,\"name\":\"Inici\",\"item\":\"https:\\\/\\\/labotigadecarnsbertran.cat\\\/es\\\/\"},{\"@type\":\"ListItem\",\"position\":2,\"name\":\"Productes\",\"item\":\"https:\\\/\\\/labotigadecarnsbertran.cat\\\/shop\\\/\"},{\"@type\":\"ListItem\",\"position\":3,\"name\":\"Jam\u00f3n de Soria cortado a m\u00e1quina\"}]},{\"@type\":\"WebSite\",\"@id\":\"https:\\\/\\\/labotigadecarnsbertran.cat\\\/#website\",\"url\":\"https:\\\/\\\/labotigadecarnsbertran.cat\\\/\",\"name\":\"La botiga de Carns Bertran\",\"description\":\"Compra online\",\"potentialAction\":[{\"@type\":\"SearchAction\",\"target\":{\"@type\":\"EntryPoint\",\"urlTemplate\":\"https:\\\/\\\/labotigadecarnsbertran.cat\\\/?s={search_term_string}\"},\"query-input\":{\"@type\":\"PropertyValueSpecification\",\"valueRequired\":true,\"valueName\":\"search_term_string\"}}],\"inLanguage\":\"es-ES\"}]}<\/script>\n<!-- \/ Yoast SEO plugin. -->","yoast_head_json":{"title":"Jam\u00f3n de Soria cortado a m\u00e1quina - La botiga de Carns Bertran","description":"Jam\u00f3n de Soria cortado a m\u00e1quina. Los paquetes al vac\u00edo de jam\u00f3n curado, si no pierden el vac\u00edo, tienen una caducidad de 3 meses.","robots":{"index":"index","follow":"follow","max-snippet":"max-snippet:-1","max-image-preview":"max-image-preview:large","max-video-preview":"max-video-preview:-1"},"canonical":"https:\/\/labotigadecarnsbertran.cat\/es\/producto\/jamon-cebo-50-iberico-guijuelo-copia\/","og_locale":"es_ES","og_type":"article","og_title":"Jam\u00f3n de Soria cortado a m\u00e1quina - La botiga de Carns Bertran","og_description":"Jam\u00f3n de Soria cortado a m\u00e1quina. Los paquetes al vac\u00edo de jam\u00f3n curado, si no pierden el vac\u00edo, tienen una caducidad de 3 meses.","og_url":"https:\/\/labotigadecarnsbertran.cat\/es\/producto\/jamon-cebo-50-iberico-guijuelo-copia\/","og_site_name":"La botiga de Carns Bertran","article_modified_time":"2026-03-04T18:17:13+00:00","og_image":[{"width":1200,"height":800,"url":"http:\/\/labotigadecarnsbertran.cat\/wp-content\/uploads\/2026\/03\/MG_9249.jpg","type":"image\/jpeg"}],"twitter_card":"summary_large_image","twitter_misc":{"Est. reading time":"1 minute"},"schema":{"@context":"https:\/\/schema.org","@graph":[{"@type":"WebPage","@id":"https:\/\/labotigadecarnsbertran.cat\/es\/producto\/jamon-cebo-50-iberico-guijuelo-copia\/","url":"https:\/\/labotigadecarnsbertran.cat\/es\/producto\/jamon-cebo-50-iberico-guijuelo-copia\/","name":"Jam\u00f3n de Soria cortado a m\u00e1quina - La botiga de Carns Bertran","isPartOf":{"@id":"https:\/\/labotigadecarnsbertran.cat\/#website"},"primaryImageOfPage":{"@id":"https:\/\/labotigadecarnsbertran.cat\/es\/producto\/jamon-cebo-50-iberico-guijuelo-copia\/#primaryimage"},"image":{"@id":"https:\/\/labotigadecarnsbertran.cat\/es\/producto\/jamon-cebo-50-iberico-guijuelo-copia\/#primaryimage"},"thumbnailUrl":"https:\/\/labotigadecarnsbertran.cat\/wp-content\/uploads\/2026\/03\/MG_9249.jpg","datePublished":"2026-03-04T18:06:50+00:00","dateModified":"2026-03-04T18:17:13+00:00","description":"Jam\u00f3n de Soria cortado a m\u00e1quina. Los paquetes al vac\u00edo de jam\u00f3n curado, si no pierden el vac\u00edo, tienen una caducidad de 3 meses.","breadcrumb":{"@id":"https:\/\/labotigadecarnsbertran.cat\/es\/producto\/jamon-cebo-50-iberico-guijuelo-copia\/#breadcrumb"},"inLanguage":"es-ES","potentialAction":[{"@type":"ReadAction","target":["https:\/\/labotigadecarnsbertran.cat\/es\/producto\/jamon-cebo-50-iberico-guijuelo-copia\/"]}]},{"@type":"ImageObject","inLanguage":"es-ES","@id":"https:\/\/labotigadecarnsbertran.cat\/es\/producto\/jamon-cebo-50-iberico-guijuelo-copia\/#primaryimage","url":"https:\/\/labotigadecarnsbertran.cat\/wp-content\/uploads\/2026\/03\/MG_9249.jpg","contentUrl":"https:\/\/labotigadecarnsbertran.cat\/wp-content\/uploads\/2026\/03\/MG_9249.jpg","width":1200,"height":800},{"@type":"BreadcrumbList","@id":"https:\/\/labotigadecarnsbertran.cat\/es\/producto\/jamon-cebo-50-iberico-guijuelo-copia\/#breadcrumb","itemListElement":[{"@type":"ListItem","position":1,"name":"Inici","item":"https:\/\/labotigadecarnsbertran.cat\/es\/"},{"@type":"ListItem","position":2,"name":"Productes","item":"https:\/\/labotigadecarnsbertran.cat\/shop\/"},{"@type":"ListItem","position":3,"name":"Jam\u00f3n de Soria cortado a m\u00e1quina"}]},{"@type":"WebSite","@id":"https:\/\/labotigadecarnsbertran.cat\/#website","url":"https:\/\/labotigadecarnsbertran.cat\/","name":"La botiga de Carns Bertran","description":"Compra online","potentialAction":[{"@type":"SearchAction","target":{"@type":"EntryPoint","urlTemplate":"https:\/\/labotigadecarnsbertran.cat\/?s={search_term_string}"},"query-input":{"@type":"PropertyValueSpecification","valueRequired":true,"valueName":"search_term_string"}}],"inLanguage":"es-ES"}]}},"_links":{"self":[{"href":"https:\/\/labotigadecarnsbertran.cat\/es\/wp-json\/wp\/v2\/product\/6038","targetHints":{"allow":["GET"]}}],"collection":[{"href":"https:\/\/labotigadecarnsbertran.cat\/es\/wp-json\/wp\/v2\/product"}],"about":[{"href":"https:\/\/labotigadecarnsbertran.cat\/es\/wp-json\/wp\/v2\/types\/product"}],"replies":[{"embeddable":true,"href":"https:\/\/labotigadecarnsbertran.cat\/es\/wp-json\/wp\/v2\/comments?post=6038"}],"wp:featuredmedia":[{"embeddable":true,"href":"https:\/\/labotigadecarnsbertran.cat\/es\/wp-json\/wp\/v2\/media\/6052"}],"wp:attachment":[{"href":"https:\/\/labotigadecarnsbertran.cat\/es\/wp-json\/wp\/v2\/media?parent=6038"}],"wp:term":[{"taxonomy":"product_brand","embeddable":true,"href":"https:\/\/labotigadecarnsbertran.cat\/es\/wp-json\/wp\/v2\/product_brand?post=6038"},{"taxonomy":"product_cat","embeddable":true,"href":"https:\/\/labotigadecarnsbertran.cat\/es\/wp-json\/wp\/v2\/product_cat?post=6038"},{"taxonomy":"product_tag","embeddable":true,"href":"https:\/\/labotigadecarnsbertran.cat\/es\/wp-json\/wp\/v2\/product_tag?post=6038"}],"curies":[{"name":"wp","href":"https:\/\/api.w.org\/{rel}","templated":true}]}}

Jamón de Soria cortado a máquina

<p>Centro de jamón de Soria deshuesado, cortado a máquina. Jamón muy magro para quienes no gustan del exceso de grasa. Ideal para bocadillos. Paquetes de 200 g al vacío, separados en capas para una mejor extracción, o en bandeja.</p>
<ul>
<li>Los paquetes al vacío de jamón curado, si no pierden el vacío, tienen una caducidad de 3 meses. Como todos los paquetes se elaboran por encargo, la caducidad comienza a partir del día de la compra.</li>
<li>Refrigerado: Sí</li>
<li>Congelado: No</li>
<li>Alérgenos: No</li>
<li>Gluten: No</li>
<li>Origen: Soria</li>
</ul>
<p><strong>Sobre de papel, bandeja o paquete al vacío de 100 g o 200 g</strong></p>

<p>Centro de jamón de Soria cortado a máquina. Paquete al vacío, sobre de papel o bandeja de 100 o 200 g</p>

<!-- This site is optimized with the Yoast SEO plugin v27.5 - https://yoast.com/product/yoast-seo-wordpress/ -->
<title>Jamón de Soria cortado a máquina - La botiga de Carns Bertran</title>
<meta name="description" content="Jamón de Soria cortado a máquina. Los paquetes al vacío de jamón curado, si no pierden el vacío, tienen una caducidad de 3 meses." />
<meta name="robots" content="index, follow, max-snippet:-1, max-image-preview:large, max-video-preview:-1" />
<link rel="canonical" href="https://labotigadecarnsbertran.cat/es/producto/jamon-cebo-50-iberico-guijuelo-copia/" />
<meta property="og:locale" content="es_ES" />
<meta property="og:type" content="article" />
<meta property="og:title" content="Jamón de Soria cortado a máquina - La botiga de Carns Bertran" />
<meta property="og:description" content="Jamón de Soria cortado a máquina. Los paquetes al vacío de jamón curado, si no pierden el vacío, tienen una caducidad de 3 meses." />
<meta property="og:url" content="https://labotigadecarnsbertran.cat/es/producto/jamon-cebo-50-iberico-guijuelo-copia/" />
<meta property="og:site_name" content="La botiga de Carns Bertran" />
<meta property="article:modified_time" content="2026-03-04T18:17:13+00:00" />
<meta property="og:image" content="http://labotigadecarnsbertran.cat/wp-content/uploads/2026/03/MG_9249.jpg" />
	<meta property="og:image:width" content="1200" />
	<meta property="og:image:height" content="800" />
	<meta property="og:image:type" content="image/jpeg" />
<meta name="twitter:card" content="summary_large_image" />
<meta name="twitter:label1" content="Est. reading time" />
	<meta name="twitter:data1" content="1 minute" />
<script type="application/ld+json" class="yoast-schema-graph">{"@context":"https:\/\/schema.org","@graph":[{"@type":"WebPage","@id":"https:\/\/labotigadecarnsbertran.cat\/es\/producto\/jamon-cebo-50-iberico-guijuelo-copia\/","url":"https:\/\/labotigadecarnsbertran.cat\/es\/producto\/jamon-cebo-50-iberico-guijuelo-copia\/","name":"Jamón de Soria cortado a máquina - La botiga de Carns Bertran","isPartOf":{"@id":"https:\/\/labotigadecarnsbertran.cat\/#website"},"primaryImageOfPage":{"@id":"https:\/\/labotigadecarnsbertran.cat\/es\/producto\/jamon-cebo-50-iberico-guijuelo-copia\/#primaryimage"},"image":{"@id":"https:\/\/labotigadecarnsbertran.cat\/es\/producto\/jamon-cebo-50-iberico-guijuelo-copia\/#primaryimage"},"thumbnailUrl":"https:\/\/labotigadecarnsbertran.cat\/wp-content\/uploads\/2026\/03\/MG_9249.jpg","datePublished":"2026-03-04T18:06:50+00:00","dateModified":"2026-03-04T18:17:13+00:00","description":"Jamón de Soria cortado a máquina. Los paquetes al vacío de jamón curado, si no pierden el vacío, tienen una caducidad de 3 meses.","breadcrumb":{"@id":"https:\/\/labotigadecarnsbertran.cat\/es\/producto\/jamon-cebo-50-iberico-guijuelo-copia\/#breadcrumb"},"inLanguage":"es-ES","potentialAction":[{"@type":"ReadAction","target":["https:\/\/labotigadecarnsbertran.cat\/es\/producto\/jamon-cebo-50-iberico-guijuelo-copia\/"]}]},{"@type":"ImageObject","inLanguage":"es-ES","@id":"https:\/\/labotigadecarnsbertran.cat\/es\/producto\/jamon-cebo-50-iberico-guijuelo-copia\/#primaryimage","url":"https:\/\/labotigadecarnsbertran.cat\/wp-content\/uploads\/2026\/03\/MG_9249.jpg","contentUrl":"https:\/\/labotigadecarnsbertran.cat\/wp-content\/uploads\/2026\/03\/MG_9249.jpg","width":1200,"height":800},{"@type":"BreadcrumbList","@id":"https:\/\/labotigadecarnsbertran.cat\/es\/producto\/jamon-cebo-50-iberico-guijuelo-copia\/#breadcrumb","itemListElement":[{"@type":"ListItem","position":1,"name":"Inici","item":"https:\/\/labotigadecarnsbertran.cat\/es\/"},{"@type":"ListItem","position":2,"name":"Productes","item":"https:\/\/labotigadecarnsbertran.cat\/shop\/"},{"@type":"ListItem","position":3,"name":"Jamón de Soria cortado a máquina"}]},{"@type":"WebSite","@id":"https:\/\/labotigadecarnsbertran.cat\/#website","url":"https:\/\/labotigadecarnsbertran.cat\/","name":"La botiga de Carns Bertran","description":"Compra online","potentialAction":[{"@type":"SearchAction","target":{"@type":"EntryPoint","urlTemplate":"https:\/\/labotigadecarnsbertran.cat\/?s={search_term_string}"},"query-input":{"@type":"PropertyValueSpecification","valueRequired":true,"valueName":"search_term_string"}}],"inLanguage":"es-ES"}]}</script>
<!-- / Yoast SEO plugin. -->

Jamón de Soria cortado a máquina - La botiga de Carns Bertran

Jamón de Soria cortado a máquina. Los paquetes al vacío de jamón curado, si no pierden el vacío, tienen una caducidad de 3 meses.
