{"id":6053,"date":"2026-03-04T18:17:28","date_gmt":"2026-03-04T18:17:28","guid":{"rendered":"https:\/\/labotigadecarnsbertran.cat\/?post_type=product&#038;p=6053"},"modified":"2026-03-04T18:25:44","modified_gmt":"2026-03-04T18:25:44","slug":"jamon-de-teruel-cortado-a-maquina","status":"publish","type":"product","link":"https:\/\/labotigadecarnsbertran.cat\/es\/producto\/jamon-de-teruel-cortado-a-maquina\/","title":{"rendered":"Jam\u00f3n de Teruel cortado a m\u00e1quina"},"content":{"rendered":"<p data-start=\"18\" data-end=\"155\"><strong data-start=\"18\" data-end=\"153\">Centro de jam\u00f3n de Teruel deshuesado, cortado a m\u00e1quina. Jam\u00f3n muy magro para quienes no les gusta la grasa. Ideal para bocadillos.<\/strong><\/p>\n<p data-start=\"157\" data-end=\"360\"><strong data-start=\"157\" data-end=\"358\">Los paquetes al vac\u00edo de jam\u00f3n curado, si no pierden el vac\u00edo, tienen una caducidad de 3 meses. Como todos los paquetes se elaboran por encargo, la caducidad comienza a partir del d\u00eda de la compra.<\/strong><\/p>\n<ul>\n<li data-start=\"364\" data-end=\"385\"><strong data-start=\"364\" data-end=\"380\">Refrigerado:<\/strong> S\u00ed<\/li>\n<li data-start=\"364\" data-end=\"385\"><strong data-start=\"388\" data-end=\"402\">Congelado:<\/strong> No<\/li>\n<li data-start=\"364\" data-end=\"385\"><strong data-start=\"410\" data-end=\"424\">Al\u00e9rgenos:<\/strong> No<\/li>\n<li data-start=\"364\" data-end=\"385\"><strong data-start=\"432\" data-end=\"443\">Gluten:<\/strong> No<\/li>\n<li data-start=\"364\" data-end=\"385\"><strong data-start=\"451\" data-end=\"462\">Origen:<\/strong> Teruel<\/li>\n<\/ul>\n<p><strong>Sobre de papel, bandeja o paquete al vac\u00edo de 100\u202fg o 200\u202fg<\/strong><\/p>\n","protected":false},"excerpt":{"rendered":"<p>Centro de jam\u00f3n de Teruel cortado a m\u00e1quina. Paquete al vac\u00edo, sobre de papel o en bandeja de 100 o 200\u202fg<\/p>\n","protected":false},"featured_media":6074,"comment_status":"closed","ping_status":"closed","template":"","meta":[],"product_brand":[],"product_cat":[159,360],"product_tag":[],"class_list":{"0":"post-6053","1":"product","2":"type-product","3":"status-publish","4":"has-post-thumbnail","6":"product_cat-charcuteria-y-quesos","7":"product_cat-jamon","9":"first","10":"instock","11":"taxable","12":"shipping-taxable","13":"purchasable","14":"product-type-variable"},"yoast_head":"<!-- This site is optimized with the Yoast SEO plugin v27.5 - https:\/\/yoast.com\/product\/yoast-seo-wordpress\/ -->\n<title>Jam\u00f3n de Teruel cortado a m\u00e1quina - La botiga de Carns Bertran<\/title>\n<meta name=\"description\" content=\"Jam\u00f3n de Teruel cortado a m\u00e1quina. Centro de jam\u00f3n de Soria cortado a m\u00e1quina. Paquete al vac\u00edo o en bandeja de 100\u202fg\u2013200\u202fg\" \/>\n<meta name=\"robots\" content=\"index, follow, max-snippet:-1, max-image-preview:large, max-video-preview:-1\" \/>\n<link rel=\"canonical\" href=\"https:\/\/labotigadecarnsbertran.cat\/es\/producto\/jamon-de-teruel-cortado-a-maquina\/\" \/>\n<meta property=\"og:locale\" content=\"es_ES\" \/>\n<meta property=\"og:type\" content=\"article\" \/>\n<meta property=\"og:title\" content=\"Jam\u00f3n de Teruel cortado a m\u00e1quina - La botiga de Carns Bertran\" \/>\n<meta property=\"og:description\" content=\"Jam\u00f3n de Teruel cortado a m\u00e1quina. Centro de jam\u00f3n de Soria cortado a m\u00e1quina. Paquete al vac\u00edo o en bandeja de 100\u202fg\u2013200\u202fg\" \/>\n<meta property=\"og:url\" content=\"https:\/\/labotigadecarnsbertran.cat\/es\/producto\/jamon-de-teruel-cortado-a-maquina\/\" \/>\n<meta property=\"og:site_name\" content=\"La botiga de Carns Bertran\" \/>\n<meta property=\"article:modified_time\" content=\"2026-03-04T18:25:44+00:00\" \/>\n<meta property=\"og:image\" content=\"http:\/\/labotigadecarnsbertran.cat\/wp-content\/uploads\/2026\/03\/MG_9251.jpg\" \/>\n\t<meta property=\"og:image:width\" content=\"1200\" \/>\n\t<meta property=\"og:image:height\" content=\"800\" \/>\n\t<meta property=\"og:image:type\" content=\"image\/jpeg\" \/>\n<meta name=\"twitter:card\" content=\"summary_large_image\" \/>\n<meta name=\"twitter:label1\" content=\"Est. reading time\" \/>\n\t<meta name=\"twitter:data1\" content=\"1 minute\" \/>\n<script type=\"application\/ld+json\" class=\"yoast-schema-graph\">{\"@context\":\"https:\\\/\\\/schema.org\",\"@graph\":[{\"@type\":\"WebPage\",\"@id\":\"https:\\\/\\\/labotigadecarnsbertran.cat\\\/es\\\/producto\\\/jamon-de-teruel-cortado-a-maquina\\\/\",\"url\":\"https:\\\/\\\/labotigadecarnsbertran.cat\\\/es\\\/producto\\\/jamon-de-teruel-cortado-a-maquina\\\/\",\"name\":\"Jam\u00f3n de Teruel cortado a m\u00e1quina - La botiga de Carns Bertran\",\"isPartOf\":{\"@id\":\"https:\\\/\\\/labotigadecarnsbertran.cat\\\/#website\"},\"primaryImageOfPage\":{\"@id\":\"https:\\\/\\\/labotigadecarnsbertran.cat\\\/es\\\/producto\\\/jamon-de-teruel-cortado-a-maquina\\\/#primaryimage\"},\"image\":{\"@id\":\"https:\\\/\\\/labotigadecarnsbertran.cat\\\/es\\\/producto\\\/jamon-de-teruel-cortado-a-maquina\\\/#primaryimage\"},\"thumbnailUrl\":\"https:\\\/\\\/labotigadecarnsbertran.cat\\\/wp-content\\\/uploads\\\/2026\\\/03\\\/MG_9251.jpg\",\"datePublished\":\"2026-03-04T18:17:28+00:00\",\"dateModified\":\"2026-03-04T18:25:44+00:00\",\"description\":\"Jam\u00f3n de Teruel cortado a m\u00e1quina. Centro de jam\u00f3n de Soria cortado a m\u00e1quina. Paquete al vac\u00edo o en bandeja de 100\u202fg\u2013200\u202fg\",\"breadcrumb\":{\"@id\":\"https:\\\/\\\/labotigadecarnsbertran.cat\\\/es\\\/producto\\\/jamon-de-teruel-cortado-a-maquina\\\/#breadcrumb\"},\"inLanguage\":\"es-ES\",\"potentialAction\":[{\"@type\":\"ReadAction\",\"target\":[\"https:\\\/\\\/labotigadecarnsbertran.cat\\\/es\\\/producto\\\/jamon-de-teruel-cortado-a-maquina\\\/\"]}]},{\"@type\":\"ImageObject\",\"inLanguage\":\"es-ES\",\"@id\":\"https:\\\/\\\/labotigadecarnsbertran.cat\\\/es\\\/producto\\\/jamon-de-teruel-cortado-a-maquina\\\/#primaryimage\",\"url\":\"https:\\\/\\\/labotigadecarnsbertran.cat\\\/wp-content\\\/uploads\\\/2026\\\/03\\\/MG_9251.jpg\",\"contentUrl\":\"https:\\\/\\\/labotigadecarnsbertran.cat\\\/wp-content\\\/uploads\\\/2026\\\/03\\\/MG_9251.jpg\",\"width\":1200,\"height\":800},{\"@type\":\"BreadcrumbList\",\"@id\":\"https:\\\/\\\/labotigadecarnsbertran.cat\\\/es\\\/producto\\\/jamon-de-teruel-cortado-a-maquina\\\/#breadcrumb\",\"itemListElement\":[{\"@type\":\"ListItem\",\"position\":1,\"name\":\"Inici\",\"item\":\"https:\\\/\\\/labotigadecarnsbertran.cat\\\/es\\\/\"},{\"@type\":\"ListItem\",\"position\":2,\"name\":\"Productes\",\"item\":\"https:\\\/\\\/labotigadecarnsbertran.cat\\\/shop\\\/\"},{\"@type\":\"ListItem\",\"position\":3,\"name\":\"Jam\u00f3n de Teruel cortado a m\u00e1quina\"}]},{\"@type\":\"WebSite\",\"@id\":\"https:\\\/\\\/labotigadecarnsbertran.cat\\\/#website\",\"url\":\"https:\\\/\\\/labotigadecarnsbertran.cat\\\/\",\"name\":\"La botiga de Carns Bertran\",\"description\":\"Compra online\",\"potentialAction\":[{\"@type\":\"SearchAction\",\"target\":{\"@type\":\"EntryPoint\",\"urlTemplate\":\"https:\\\/\\\/labotigadecarnsbertran.cat\\\/?s={search_term_string}\"},\"query-input\":{\"@type\":\"PropertyValueSpecification\",\"valueRequired\":true,\"valueName\":\"search_term_string\"}}],\"inLanguage\":\"es-ES\"}]}<\/script>\n<!-- \/ Yoast SEO plugin. -->","yoast_head_json":{"title":"Jam\u00f3n de Teruel cortado a m\u00e1quina - La botiga de Carns Bertran","description":"Jam\u00f3n de Teruel cortado a m\u00e1quina. Centro de jam\u00f3n de Soria cortado a m\u00e1quina. Paquete al vac\u00edo o en bandeja de 100\u202fg\u2013200\u202fg","robots":{"index":"index","follow":"follow","max-snippet":"max-snippet:-1","max-image-preview":"max-image-preview:large","max-video-preview":"max-video-preview:-1"},"canonical":"https:\/\/labotigadecarnsbertran.cat\/es\/producto\/jamon-de-teruel-cortado-a-maquina\/","og_locale":"es_ES","og_type":"article","og_title":"Jam\u00f3n de Teruel cortado a m\u00e1quina - La botiga de Carns Bertran","og_description":"Jam\u00f3n de Teruel cortado a m\u00e1quina. Centro de jam\u00f3n de Soria cortado a m\u00e1quina. Paquete al vac\u00edo o en bandeja de 100\u202fg\u2013200\u202fg","og_url":"https:\/\/labotigadecarnsbertran.cat\/es\/producto\/jamon-de-teruel-cortado-a-maquina\/","og_site_name":"La botiga de Carns Bertran","article_modified_time":"2026-03-04T18:25:44+00:00","og_image":[{"width":1200,"height":800,"url":"http:\/\/labotigadecarnsbertran.cat\/wp-content\/uploads\/2026\/03\/MG_9251.jpg","type":"image\/jpeg"}],"twitter_card":"summary_large_image","twitter_misc":{"Est. reading time":"1 minute"},"schema":{"@context":"https:\/\/schema.org","@graph":[{"@type":"WebPage","@id":"https:\/\/labotigadecarnsbertran.cat\/es\/producto\/jamon-de-teruel-cortado-a-maquina\/","url":"https:\/\/labotigadecarnsbertran.cat\/es\/producto\/jamon-de-teruel-cortado-a-maquina\/","name":"Jam\u00f3n de Teruel cortado a m\u00e1quina - La botiga de Carns Bertran","isPartOf":{"@id":"https:\/\/labotigadecarnsbertran.cat\/#website"},"primaryImageOfPage":{"@id":"https:\/\/labotigadecarnsbertran.cat\/es\/producto\/jamon-de-teruel-cortado-a-maquina\/#primaryimage"},"image":{"@id":"https:\/\/labotigadecarnsbertran.cat\/es\/producto\/jamon-de-teruel-cortado-a-maquina\/#primaryimage"},"thumbnailUrl":"https:\/\/labotigadecarnsbertran.cat\/wp-content\/uploads\/2026\/03\/MG_9251.jpg","datePublished":"2026-03-04T18:17:28+00:00","dateModified":"2026-03-04T18:25:44+00:00","description":"Jam\u00f3n de Teruel cortado a m\u00e1quina. Centro de jam\u00f3n de Soria cortado a m\u00e1quina. Paquete al vac\u00edo o en bandeja de 100\u202fg\u2013200\u202fg","breadcrumb":{"@id":"https:\/\/labotigadecarnsbertran.cat\/es\/producto\/jamon-de-teruel-cortado-a-maquina\/#breadcrumb"},"inLanguage":"es-ES","potentialAction":[{"@type":"ReadAction","target":["https:\/\/labotigadecarnsbertran.cat\/es\/producto\/jamon-de-teruel-cortado-a-maquina\/"]}]},{"@type":"ImageObject","inLanguage":"es-ES","@id":"https:\/\/labotigadecarnsbertran.cat\/es\/producto\/jamon-de-teruel-cortado-a-maquina\/#primaryimage","url":"https:\/\/labotigadecarnsbertran.cat\/wp-content\/uploads\/2026\/03\/MG_9251.jpg","contentUrl":"https:\/\/labotigadecarnsbertran.cat\/wp-content\/uploads\/2026\/03\/MG_9251.jpg","width":1200,"height":800},{"@type":"BreadcrumbList","@id":"https:\/\/labotigadecarnsbertran.cat\/es\/producto\/jamon-de-teruel-cortado-a-maquina\/#breadcrumb","itemListElement":[{"@type":"ListItem","position":1,"name":"Inici","item":"https:\/\/labotigadecarnsbertran.cat\/es\/"},{"@type":"ListItem","position":2,"name":"Productes","item":"https:\/\/labotigadecarnsbertran.cat\/shop\/"},{"@type":"ListItem","position":3,"name":"Jam\u00f3n de Teruel cortado a m\u00e1quina"}]},{"@type":"WebSite","@id":"https:\/\/labotigadecarnsbertran.cat\/#website","url":"https:\/\/labotigadecarnsbertran.cat\/","name":"La botiga de Carns Bertran","description":"Compra online","potentialAction":[{"@type":"SearchAction","target":{"@type":"EntryPoint","urlTemplate":"https:\/\/labotigadecarnsbertran.cat\/?s={search_term_string}"},"query-input":{"@type":"PropertyValueSpecification","valueRequired":true,"valueName":"search_term_string"}}],"inLanguage":"es-ES"}]}},"_links":{"self":[{"href":"https:\/\/labotigadecarnsbertran.cat\/es\/wp-json\/wp\/v2\/product\/6053","targetHints":{"allow":["GET"]}}],"collection":[{"href":"https:\/\/labotigadecarnsbertran.cat\/es\/wp-json\/wp\/v2\/product"}],"about":[{"href":"https:\/\/labotigadecarnsbertran.cat\/es\/wp-json\/wp\/v2\/types\/product"}],"replies":[{"embeddable":true,"href":"https:\/\/labotigadecarnsbertran.cat\/es\/wp-json\/wp\/v2\/comments?post=6053"}],"wp:featuredmedia":[{"embeddable":true,"href":"https:\/\/labotigadecarnsbertran.cat\/es\/wp-json\/wp\/v2\/media\/6074"}],"wp:attachment":[{"href":"https:\/\/labotigadecarnsbertran.cat\/es\/wp-json\/wp\/v2\/media?parent=6053"}],"wp:term":[{"taxonomy":"product_brand","embeddable":true,"href":"https:\/\/labotigadecarnsbertran.cat\/es\/wp-json\/wp\/v2\/product_brand?post=6053"},{"taxonomy":"product_cat","embeddable":true,"href":"https:\/\/labotigadecarnsbertran.cat\/es\/wp-json\/wp\/v2\/product_cat?post=6053"},{"taxonomy":"product_tag","embeddable":true,"href":"https:\/\/labotigadecarnsbertran.cat\/es\/wp-json\/wp\/v2\/product_tag?post=6053"}],"curies":[{"name":"wp","href":"https:\/\/api.w.org\/{rel}","templated":true}]}}

Jamón de Teruel cortado a máquina

<p data-start="18" data-end="155"><strong data-start="18" data-end="153">Centro de jamón de Teruel deshuesado, cortado a máquina. Jamón muy magro para quienes no les gusta la grasa. Ideal para bocadillos.</strong></p>
<p data-start="157" data-end="360"><strong data-start="157" data-end="358">Los paquetes al vacío de jamón curado, si no pierden el vacío, tienen una caducidad de 3 meses. Como todos los paquetes se elaboran por encargo, la caducidad comienza a partir del día de la compra.</strong></p>
<ul>
<li data-start="364" data-end="385"><strong data-start="364" data-end="380">Refrigerado:</strong> Sí</li>
<li data-start="364" data-end="385"><strong data-start="388" data-end="402">Congelado:</strong> No</li>
<li data-start="364" data-end="385"><strong data-start="410" data-end="424">Alérgenos:</strong> No</li>
<li data-start="364" data-end="385"><strong data-start="432" data-end="443">Gluten:</strong> No</li>
<li data-start="364" data-end="385"><strong data-start="451" data-end="462">Origen:</strong> Teruel</li>
</ul>
<p><strong>Sobre de papel, bandeja o paquete al vacío de 100 g o 200 g</strong></p>

<p>Centro de jamón de Teruel cortado a máquina. Paquete al vacío, sobre de papel o en bandeja de 100 o 200 g</p>

<!-- This site is optimized with the Yoast SEO plugin v27.5 - https://yoast.com/product/yoast-seo-wordpress/ -->
<title>Jamón de Teruel cortado a máquina - La botiga de Carns Bertran</title>
<meta name="description" content="Jamón de Teruel cortado a máquina. Centro de jamón de Soria cortado a máquina. Paquete al vacío o en bandeja de 100 g–200 g" />
<meta name="robots" content="index, follow, max-snippet:-1, max-image-preview:large, max-video-preview:-1" />
<link rel="canonical" href="https://labotigadecarnsbertran.cat/es/producto/jamon-de-teruel-cortado-a-maquina/" />
<meta property="og:locale" content="es_ES" />
<meta property="og:type" content="article" />
<meta property="og:title" content="Jamón de Teruel cortado a máquina - La botiga de Carns Bertran" />
<meta property="og:description" content="Jamón de Teruel cortado a máquina. Centro de jamón de Soria cortado a máquina. Paquete al vacío o en bandeja de 100 g–200 g" />
<meta property="og:url" content="https://labotigadecarnsbertran.cat/es/producto/jamon-de-teruel-cortado-a-maquina/" />
<meta property="og:site_name" content="La botiga de Carns Bertran" />
<meta property="article:modified_time" content="2026-03-04T18:25:44+00:00" />
<meta property="og:image" content="http://labotigadecarnsbertran.cat/wp-content/uploads/2026/03/MG_9251.jpg" />
	<meta property="og:image:width" content="1200" />
	<meta property="og:image:height" content="800" />
	<meta property="og:image:type" content="image/jpeg" />
<meta name="twitter:card" content="summary_large_image" />
<meta name="twitter:label1" content="Est. reading time" />
	<meta name="twitter:data1" content="1 minute" />
<script type="application/ld+json" class="yoast-schema-graph">{"@context":"https:\/\/schema.org","@graph":[{"@type":"WebPage","@id":"https:\/\/labotigadecarnsbertran.cat\/es\/producto\/jamon-de-teruel-cortado-a-maquina\/","url":"https:\/\/labotigadecarnsbertran.cat\/es\/producto\/jamon-de-teruel-cortado-a-maquina\/","name":"Jamón de Teruel cortado a máquina - La botiga de Carns Bertran","isPartOf":{"@id":"https:\/\/labotigadecarnsbertran.cat\/#website"},"primaryImageOfPage":{"@id":"https:\/\/labotigadecarnsbertran.cat\/es\/producto\/jamon-de-teruel-cortado-a-maquina\/#primaryimage"},"image":{"@id":"https:\/\/labotigadecarnsbertran.cat\/es\/producto\/jamon-de-teruel-cortado-a-maquina\/#primaryimage"},"thumbnailUrl":"https:\/\/labotigadecarnsbertran.cat\/wp-content\/uploads\/2026\/03\/MG_9251.jpg","datePublished":"2026-03-04T18:17:28+00:00","dateModified":"2026-03-04T18:25:44+00:00","description":"Jamón de Teruel cortado a máquina. Centro de jamón de Soria cortado a máquina. Paquete al vacío o en bandeja de 100 g–200 g","breadcrumb":{"@id":"https:\/\/labotigadecarnsbertran.cat\/es\/producto\/jamon-de-teruel-cortado-a-maquina\/#breadcrumb"},"inLanguage":"es-ES","potentialAction":[{"@type":"ReadAction","target":["https:\/\/labotigadecarnsbertran.cat\/es\/producto\/jamon-de-teruel-cortado-a-maquina\/"]}]},{"@type":"ImageObject","inLanguage":"es-ES","@id":"https:\/\/labotigadecarnsbertran.cat\/es\/producto\/jamon-de-teruel-cortado-a-maquina\/#primaryimage","url":"https:\/\/labotigadecarnsbertran.cat\/wp-content\/uploads\/2026\/03\/MG_9251.jpg","contentUrl":"https:\/\/labotigadecarnsbertran.cat\/wp-content\/uploads\/2026\/03\/MG_9251.jpg","width":1200,"height":800},{"@type":"BreadcrumbList","@id":"https:\/\/labotigadecarnsbertran.cat\/es\/producto\/jamon-de-teruel-cortado-a-maquina\/#breadcrumb","itemListElement":[{"@type":"ListItem","position":1,"name":"Inici","item":"https:\/\/labotigadecarnsbertran.cat\/es\/"},{"@type":"ListItem","position":2,"name":"Productes","item":"https:\/\/labotigadecarnsbertran.cat\/shop\/"},{"@type":"ListItem","position":3,"name":"Jamón de Teruel cortado a máquina"}]},{"@type":"WebSite","@id":"https:\/\/labotigadecarnsbertran.cat\/#website","url":"https:\/\/labotigadecarnsbertran.cat\/","name":"La botiga de Carns Bertran","description":"Compra online","potentialAction":[{"@type":"SearchAction","target":{"@type":"EntryPoint","urlTemplate":"https:\/\/labotigadecarnsbertran.cat\/?s={search_term_string}"},"query-input":{"@type":"PropertyValueSpecification","valueRequired":true,"valueName":"search_term_string"}}],"inLanguage":"es-ES"}]}</script>
<!-- / Yoast SEO plugin. -->

Jamón de Teruel cortado a máquina - La botiga de Carns Bertran

Jamón de Teruel cortado a máquina. Centro de jamón de Soria cortado a máquina. Paquete al vacío o en bandeja de 100 g–200 g
