{"id":6082,"date":"2026-03-04T18:26:12","date_gmt":"2026-03-04T18:26:12","guid":{"rendered":"https:\/\/labotigadecarnsbertran.cat\/?post_type=product&#038;p=6082"},"modified":"2026-03-04T18:43:46","modified_gmt":"2026-03-04T18:43:46","slug":"jamon-de-salamanca-cortado-a-maquina-batalle","status":"publish","type":"product","link":"https:\/\/labotigadecarnsbertran.cat\/es\/producto\/jamon-de-salamanca-cortado-a-maquina-batalle\/","title":{"rendered":"Jam\u00f3n de Salamanca cortado a m\u00e1quina (Batall\u00e9)"},"content":{"rendered":"<p data-start=\"18\" data-end=\"313\"><strong data-start=\"18\" data-end=\"311\">Jam\u00f3n curado de Salamanca procedente de la Sierra de Gredos. Con 18\u201322 meses de curaci\u00f3n en bodega. La raza del cerdo es Duroc, lo cortamos a m\u00e1quina y ofrecemos paquetes al vac\u00edo o en bandeja de 100 o 200\u202fg. Los jamones son los mismos que deshuesamos a mano, luego los cortamos a m\u00e1quina.<\/strong><\/p>\n<p data-start=\"315\" data-end=\"518\"><strong data-start=\"315\" data-end=\"516\">Los paquetes al vac\u00edo de jam\u00f3n curado, si no pierden el vac\u00edo, tienen una caducidad de 3 meses. Como todos los paquetes se elaboran por encargo, la caducidad comienza a partir del d\u00eda de la compra.<\/strong><\/p>\n<ul>\n<li><strong>Refrigerado:<\/strong> S\u00ed<\/li>\n<li><strong>Congelado:<\/strong> No<\/li>\n<li><strong>Al\u00e9rgenos:<\/strong> No<\/li>\n<li><strong>Gluten:<\/strong> No<\/li>\n<li><strong>Origen:<\/strong> Teruel<\/li>\n<\/ul>\n<p><strong data-start=\"631\" data-end=\"648\">Presentaci\u00f3n:<\/strong> Sobre de papel, bandeja o paquete al vac\u00edo de 100\u202fg o 200\u202fg<\/p>\n","protected":false},"excerpt":{"rendered":"<p data-start=\"18\" data-end=\"67\"><strong data-start=\"18\" data-end=\"65\">Jam\u00f3n Duroc de Salamanca cortado a m\u00e1quina.<\/strong><\/p>\n<p data-start=\"69\" data-end=\"130\" data-is-last-node=\"\" data-is-only-node=\"\"><strong data-start=\"69\" data-end=\"130\" data-is-last-node=\"\">Paquete al vac\u00edo, bandeja o sobre de papel de 100 o 200\u202fg<\/strong><\/p>\n","protected":false},"featured_media":6096,"comment_status":"closed","ping_status":"closed","template":"","meta":[],"product_brand":[],"product_cat":[159,360],"product_tag":[],"class_list":{"0":"post-6082","1":"product","2":"type-product","3":"status-publish","4":"has-post-thumbnail","6":"product_cat-charcuteria-y-quesos","7":"product_cat-jamon","9":"first","10":"instock","11":"taxable","12":"shipping-taxable","13":"purchasable","14":"product-type-variable"},"yoast_head":"<!-- This site is optimized with the Yoast SEO plugin v27.5 - https:\/\/yoast.com\/product\/yoast-seo-wordpress\/ -->\n<title>Pernil de Terol tallat a m\u00e0quina - La botiga de Carns Bertran<\/title>\n<meta name=\"description\" content=\"Pernil curat de Salamanca procedent de la Sierra de Gredos\" \/>\n<meta name=\"robots\" content=\"index, follow, max-snippet:-1, max-image-preview:large, max-video-preview:-1\" \/>\n<link rel=\"canonical\" href=\"https:\/\/labotigadecarnsbertran.cat\/es\/producto\/jamon-de-salamanca-cortado-a-maquina-batalle\/\" \/>\n<meta property=\"og:locale\" content=\"es_ES\" \/>\n<meta property=\"og:type\" content=\"article\" \/>\n<meta property=\"og:title\" content=\"Pernil de Terol tallat a m\u00e0quina - La botiga de Carns Bertran\" \/>\n<meta property=\"og:description\" content=\"Pernil curat de Salamanca procedent de la Sierra de Gredos\" \/>\n<meta property=\"og:url\" content=\"https:\/\/labotigadecarnsbertran.cat\/es\/producto\/jamon-de-salamanca-cortado-a-maquina-batalle\/\" \/>\n<meta property=\"og:site_name\" content=\"La botiga de Carns Bertran\" \/>\n<meta property=\"article:modified_time\" content=\"2026-03-04T18:43:46+00:00\" \/>\n<meta property=\"og:image\" content=\"http:\/\/labotigadecarnsbertran.cat\/wp-content\/uploads\/2026\/03\/MG_9255.jpg\" \/>\n\t<meta property=\"og:image:width\" content=\"1200\" \/>\n\t<meta property=\"og:image:height\" content=\"800\" \/>\n\t<meta property=\"og:image:type\" content=\"image\/jpeg\" \/>\n<meta name=\"twitter:card\" content=\"summary_large_image\" \/>\n<meta name=\"twitter:label1\" content=\"Est. reading time\" \/>\n\t<meta name=\"twitter:data1\" content=\"1 minute\" \/>\n<script type=\"application\/ld+json\" class=\"yoast-schema-graph\">{\"@context\":\"https:\\\/\\\/schema.org\",\"@graph\":[{\"@type\":\"WebPage\",\"@id\":\"https:\\\/\\\/labotigadecarnsbertran.cat\\\/es\\\/producto\\\/jamon-de-salamanca-cortado-a-maquina-batalle\\\/\",\"url\":\"https:\\\/\\\/labotigadecarnsbertran.cat\\\/es\\\/producto\\\/jamon-de-salamanca-cortado-a-maquina-batalle\\\/\",\"name\":\"Pernil de Terol tallat a m\u00e0quina - La botiga de Carns Bertran\",\"isPartOf\":{\"@id\":\"https:\\\/\\\/labotigadecarnsbertran.cat\\\/#website\"},\"primaryImageOfPage\":{\"@id\":\"https:\\\/\\\/labotigadecarnsbertran.cat\\\/es\\\/producto\\\/jamon-de-salamanca-cortado-a-maquina-batalle\\\/#primaryimage\"},\"image\":{\"@id\":\"https:\\\/\\\/labotigadecarnsbertran.cat\\\/es\\\/producto\\\/jamon-de-salamanca-cortado-a-maquina-batalle\\\/#primaryimage\"},\"thumbnailUrl\":\"https:\\\/\\\/labotigadecarnsbertran.cat\\\/wp-content\\\/uploads\\\/2026\\\/03\\\/MG_9255.jpg\",\"datePublished\":\"2026-03-04T18:26:12+00:00\",\"dateModified\":\"2026-03-04T18:43:46+00:00\",\"description\":\"Pernil curat de Salamanca procedent de la Sierra de Gredos\",\"breadcrumb\":{\"@id\":\"https:\\\/\\\/labotigadecarnsbertran.cat\\\/es\\\/producto\\\/jamon-de-salamanca-cortado-a-maquina-batalle\\\/#breadcrumb\"},\"inLanguage\":\"es-ES\",\"potentialAction\":[{\"@type\":\"ReadAction\",\"target\":[\"https:\\\/\\\/labotigadecarnsbertran.cat\\\/es\\\/producto\\\/jamon-de-salamanca-cortado-a-maquina-batalle\\\/\"]}]},{\"@type\":\"ImageObject\",\"inLanguage\":\"es-ES\",\"@id\":\"https:\\\/\\\/labotigadecarnsbertran.cat\\\/es\\\/producto\\\/jamon-de-salamanca-cortado-a-maquina-batalle\\\/#primaryimage\",\"url\":\"https:\\\/\\\/labotigadecarnsbertran.cat\\\/wp-content\\\/uploads\\\/2026\\\/03\\\/MG_9255.jpg\",\"contentUrl\":\"https:\\\/\\\/labotigadecarnsbertran.cat\\\/wp-content\\\/uploads\\\/2026\\\/03\\\/MG_9255.jpg\",\"width\":1200,\"height\":800},{\"@type\":\"BreadcrumbList\",\"@id\":\"https:\\\/\\\/labotigadecarnsbertran.cat\\\/es\\\/producto\\\/jamon-de-salamanca-cortado-a-maquina-batalle\\\/#breadcrumb\",\"itemListElement\":[{\"@type\":\"ListItem\",\"position\":1,\"name\":\"Inici\",\"item\":\"https:\\\/\\\/labotigadecarnsbertran.cat\\\/es\\\/\"},{\"@type\":\"ListItem\",\"position\":2,\"name\":\"Productes\",\"item\":\"https:\\\/\\\/labotigadecarnsbertran.cat\\\/shop\\\/\"},{\"@type\":\"ListItem\",\"position\":3,\"name\":\"Jam\u00f3n de Salamanca cortado a m\u00e1quina (Batall\u00e9)\"}]},{\"@type\":\"WebSite\",\"@id\":\"https:\\\/\\\/labotigadecarnsbertran.cat\\\/#website\",\"url\":\"https:\\\/\\\/labotigadecarnsbertran.cat\\\/\",\"name\":\"La botiga de Carns Bertran\",\"description\":\"Compra online\",\"potentialAction\":[{\"@type\":\"SearchAction\",\"target\":{\"@type\":\"EntryPoint\",\"urlTemplate\":\"https:\\\/\\\/labotigadecarnsbertran.cat\\\/?s={search_term_string}\"},\"query-input\":{\"@type\":\"PropertyValueSpecification\",\"valueRequired\":true,\"valueName\":\"search_term_string\"}}],\"inLanguage\":\"es-ES\"}]}<\/script>\n<!-- \/ Yoast SEO plugin. -->","yoast_head_json":{"title":"Pernil de Terol tallat a m\u00e0quina - La botiga de Carns Bertran","description":"Pernil curat de Salamanca procedent de la Sierra de Gredos","robots":{"index":"index","follow":"follow","max-snippet":"max-snippet:-1","max-image-preview":"max-image-preview:large","max-video-preview":"max-video-preview:-1"},"canonical":"https:\/\/labotigadecarnsbertran.cat\/es\/producto\/jamon-de-salamanca-cortado-a-maquina-batalle\/","og_locale":"es_ES","og_type":"article","og_title":"Pernil de Terol tallat a m\u00e0quina - La botiga de Carns Bertran","og_description":"Pernil curat de Salamanca procedent de la Sierra de Gredos","og_url":"https:\/\/labotigadecarnsbertran.cat\/es\/producto\/jamon-de-salamanca-cortado-a-maquina-batalle\/","og_site_name":"La botiga de Carns Bertran","article_modified_time":"2026-03-04T18:43:46+00:00","og_image":[{"width":1200,"height":800,"url":"http:\/\/labotigadecarnsbertran.cat\/wp-content\/uploads\/2026\/03\/MG_9255.jpg","type":"image\/jpeg"}],"twitter_card":"summary_large_image","twitter_misc":{"Est. reading time":"1 minute"},"schema":{"@context":"https:\/\/schema.org","@graph":[{"@type":"WebPage","@id":"https:\/\/labotigadecarnsbertran.cat\/es\/producto\/jamon-de-salamanca-cortado-a-maquina-batalle\/","url":"https:\/\/labotigadecarnsbertran.cat\/es\/producto\/jamon-de-salamanca-cortado-a-maquina-batalle\/","name":"Pernil de Terol tallat a m\u00e0quina - La botiga de Carns Bertran","isPartOf":{"@id":"https:\/\/labotigadecarnsbertran.cat\/#website"},"primaryImageOfPage":{"@id":"https:\/\/labotigadecarnsbertran.cat\/es\/producto\/jamon-de-salamanca-cortado-a-maquina-batalle\/#primaryimage"},"image":{"@id":"https:\/\/labotigadecarnsbertran.cat\/es\/producto\/jamon-de-salamanca-cortado-a-maquina-batalle\/#primaryimage"},"thumbnailUrl":"https:\/\/labotigadecarnsbertran.cat\/wp-content\/uploads\/2026\/03\/MG_9255.jpg","datePublished":"2026-03-04T18:26:12+00:00","dateModified":"2026-03-04T18:43:46+00:00","description":"Pernil curat de Salamanca procedent de la Sierra de Gredos","breadcrumb":{"@id":"https:\/\/labotigadecarnsbertran.cat\/es\/producto\/jamon-de-salamanca-cortado-a-maquina-batalle\/#breadcrumb"},"inLanguage":"es-ES","potentialAction":[{"@type":"ReadAction","target":["https:\/\/labotigadecarnsbertran.cat\/es\/producto\/jamon-de-salamanca-cortado-a-maquina-batalle\/"]}]},{"@type":"ImageObject","inLanguage":"es-ES","@id":"https:\/\/labotigadecarnsbertran.cat\/es\/producto\/jamon-de-salamanca-cortado-a-maquina-batalle\/#primaryimage","url":"https:\/\/labotigadecarnsbertran.cat\/wp-content\/uploads\/2026\/03\/MG_9255.jpg","contentUrl":"https:\/\/labotigadecarnsbertran.cat\/wp-content\/uploads\/2026\/03\/MG_9255.jpg","width":1200,"height":800},{"@type":"BreadcrumbList","@id":"https:\/\/labotigadecarnsbertran.cat\/es\/producto\/jamon-de-salamanca-cortado-a-maquina-batalle\/#breadcrumb","itemListElement":[{"@type":"ListItem","position":1,"name":"Inici","item":"https:\/\/labotigadecarnsbertran.cat\/es\/"},{"@type":"ListItem","position":2,"name":"Productes","item":"https:\/\/labotigadecarnsbertran.cat\/shop\/"},{"@type":"ListItem","position":3,"name":"Jam\u00f3n de Salamanca cortado a m\u00e1quina (Batall\u00e9)"}]},{"@type":"WebSite","@id":"https:\/\/labotigadecarnsbertran.cat\/#website","url":"https:\/\/labotigadecarnsbertran.cat\/","name":"La botiga de Carns Bertran","description":"Compra online","potentialAction":[{"@type":"SearchAction","target":{"@type":"EntryPoint","urlTemplate":"https:\/\/labotigadecarnsbertran.cat\/?s={search_term_string}"},"query-input":{"@type":"PropertyValueSpecification","valueRequired":true,"valueName":"search_term_string"}}],"inLanguage":"es-ES"}]}},"_links":{"self":[{"href":"https:\/\/labotigadecarnsbertran.cat\/es\/wp-json\/wp\/v2\/product\/6082","targetHints":{"allow":["GET"]}}],"collection":[{"href":"https:\/\/labotigadecarnsbertran.cat\/es\/wp-json\/wp\/v2\/product"}],"about":[{"href":"https:\/\/labotigadecarnsbertran.cat\/es\/wp-json\/wp\/v2\/types\/product"}],"replies":[{"embeddable":true,"href":"https:\/\/labotigadecarnsbertran.cat\/es\/wp-json\/wp\/v2\/comments?post=6082"}],"wp:featuredmedia":[{"embeddable":true,"href":"https:\/\/labotigadecarnsbertran.cat\/es\/wp-json\/wp\/v2\/media\/6096"}],"wp:attachment":[{"href":"https:\/\/labotigadecarnsbertran.cat\/es\/wp-json\/wp\/v2\/media?parent=6082"}],"wp:term":[{"taxonomy":"product_brand","embeddable":true,"href":"https:\/\/labotigadecarnsbertran.cat\/es\/wp-json\/wp\/v2\/product_brand?post=6082"},{"taxonomy":"product_cat","embeddable":true,"href":"https:\/\/labotigadecarnsbertran.cat\/es\/wp-json\/wp\/v2\/product_cat?post=6082"},{"taxonomy":"product_tag","embeddable":true,"href":"https:\/\/labotigadecarnsbertran.cat\/es\/wp-json\/wp\/v2\/product_tag?post=6082"}],"curies":[{"name":"wp","href":"https:\/\/api.w.org\/{rel}","templated":true}]}}

Jamón de Salamanca cortado a máquina (Batallé)

<p data-start="18" data-end="313"><strong data-start="18" data-end="311">Jamón curado de Salamanca procedente de la Sierra de Gredos. Con 18–22 meses de curación en bodega. La raza del cerdo es Duroc, lo cortamos a máquina y ofrecemos paquetes al vacío o en bandeja de 100 o 200 g. Los jamones son los mismos que deshuesamos a mano, luego los cortamos a máquina.</strong></p>
<p data-start="315" data-end="518"><strong data-start="315" data-end="516">Los paquetes al vacío de jamón curado, si no pierden el vacío, tienen una caducidad de 3 meses. Como todos los paquetes se elaboran por encargo, la caducidad comienza a partir del día de la compra.</strong></p>
<ul>
<li><strong>Refrigerado:</strong> Sí</li>
<li><strong>Congelado:</strong> No</li>
<li><strong>Alérgenos:</strong> No</li>
<li><strong>Gluten:</strong> No</li>
<li><strong>Origen:</strong> Teruel</li>
</ul>
<p><strong data-start="631" data-end="648">Presentación:</strong> Sobre de papel, bandeja o paquete al vacío de 100 g o 200 g</p>

<p data-start="18" data-end="67"><strong data-start="18" data-end="65">Jamón Duroc de Salamanca cortado a máquina.</strong></p>
<p data-start="69" data-end="130" data-is-last-node="" data-is-only-node=""><strong data-start="69" data-end="130" data-is-last-node="">Paquete al vacío, bandeja o sobre de papel de 100 o 200 g</strong></p>

<!-- This site is optimized with the Yoast SEO plugin v27.5 - https://yoast.com/product/yoast-seo-wordpress/ -->
<title>Pernil de Terol tallat a màquina - La botiga de Carns Bertran</title>
<meta name="description" content="Pernil curat de Salamanca procedent de la Sierra de Gredos" />
<meta name="robots" content="index, follow, max-snippet:-1, max-image-preview:large, max-video-preview:-1" />
<link rel="canonical" href="https://labotigadecarnsbertran.cat/es/producto/jamon-de-salamanca-cortado-a-maquina-batalle/" />
<meta property="og:locale" content="es_ES" />
<meta property="og:type" content="article" />
<meta property="og:title" content="Pernil de Terol tallat a màquina - La botiga de Carns Bertran" />
<meta property="og:description" content="Pernil curat de Salamanca procedent de la Sierra de Gredos" />
<meta property="og:url" content="https://labotigadecarnsbertran.cat/es/producto/jamon-de-salamanca-cortado-a-maquina-batalle/" />
<meta property="og:site_name" content="La botiga de Carns Bertran" />
<meta property="article:modified_time" content="2026-03-04T18:43:46+00:00" />
<meta property="og:image" content="http://labotigadecarnsbertran.cat/wp-content/uploads/2026/03/MG_9255.jpg" />
	<meta property="og:image:width" content="1200" />
	<meta property="og:image:height" content="800" />
	<meta property="og:image:type" content="image/jpeg" />
<meta name="twitter:card" content="summary_large_image" />
<meta name="twitter:label1" content="Est. reading time" />
	<meta name="twitter:data1" content="1 minute" />
<script type="application/ld+json" class="yoast-schema-graph">{"@context":"https:\/\/schema.org","@graph":[{"@type":"WebPage","@id":"https:\/\/labotigadecarnsbertran.cat\/es\/producto\/jamon-de-salamanca-cortado-a-maquina-batalle\/","url":"https:\/\/labotigadecarnsbertran.cat\/es\/producto\/jamon-de-salamanca-cortado-a-maquina-batalle\/","name":"Pernil de Terol tallat a màquina - La botiga de Carns Bertran","isPartOf":{"@id":"https:\/\/labotigadecarnsbertran.cat\/#website"},"primaryImageOfPage":{"@id":"https:\/\/labotigadecarnsbertran.cat\/es\/producto\/jamon-de-salamanca-cortado-a-maquina-batalle\/#primaryimage"},"image":{"@id":"https:\/\/labotigadecarnsbertran.cat\/es\/producto\/jamon-de-salamanca-cortado-a-maquina-batalle\/#primaryimage"},"thumbnailUrl":"https:\/\/labotigadecarnsbertran.cat\/wp-content\/uploads\/2026\/03\/MG_9255.jpg","datePublished":"2026-03-04T18:26:12+00:00","dateModified":"2026-03-04T18:43:46+00:00","description":"Pernil curat de Salamanca procedent de la Sierra de Gredos","breadcrumb":{"@id":"https:\/\/labotigadecarnsbertran.cat\/es\/producto\/jamon-de-salamanca-cortado-a-maquina-batalle\/#breadcrumb"},"inLanguage":"es-ES","potentialAction":[{"@type":"ReadAction","target":["https:\/\/labotigadecarnsbertran.cat\/es\/producto\/jamon-de-salamanca-cortado-a-maquina-batalle\/"]}]},{"@type":"ImageObject","inLanguage":"es-ES","@id":"https:\/\/labotigadecarnsbertran.cat\/es\/producto\/jamon-de-salamanca-cortado-a-maquina-batalle\/#primaryimage","url":"https:\/\/labotigadecarnsbertran.cat\/wp-content\/uploads\/2026\/03\/MG_9255.jpg","contentUrl":"https:\/\/labotigadecarnsbertran.cat\/wp-content\/uploads\/2026\/03\/MG_9255.jpg","width":1200,"height":800},{"@type":"BreadcrumbList","@id":"https:\/\/labotigadecarnsbertran.cat\/es\/producto\/jamon-de-salamanca-cortado-a-maquina-batalle\/#breadcrumb","itemListElement":[{"@type":"ListItem","position":1,"name":"Inici","item":"https:\/\/labotigadecarnsbertran.cat\/es\/"},{"@type":"ListItem","position":2,"name":"Productes","item":"https:\/\/labotigadecarnsbertran.cat\/shop\/"},{"@type":"ListItem","position":3,"name":"Jamón de Salamanca cortado a máquina (Batallé)"}]},{"@type":"WebSite","@id":"https:\/\/labotigadecarnsbertran.cat\/#website","url":"https:\/\/labotigadecarnsbertran.cat\/","name":"La botiga de Carns Bertran","description":"Compra online","potentialAction":[{"@type":"SearchAction","target":{"@type":"EntryPoint","urlTemplate":"https:\/\/labotigadecarnsbertran.cat\/?s={search_term_string}"},"query-input":{"@type":"PropertyValueSpecification","valueRequired":true,"valueName":"search_term_string"}}],"inLanguage":"es-ES"}]}</script>
<!-- / Yoast SEO plugin. -->

Pernil de Terol tallat a màquina - La botiga de Carns Bertran
