{"id":6424,"date":"2026-04-29T09:55:20","date_gmt":"2026-04-29T09:55:20","guid":{"rendered":"https:\/\/labotigadecarnsbertran.cat\/?post_type=product&#038;p=6424"},"modified":"2026-04-29T10:02:41","modified_gmt":"2026-04-29T10:02:41","slug":"compango-copia","status":"publish","type":"product","link":"https:\/\/labotigadecarnsbertran.cat\/es\/producto\/compango-copia\/","title":{"rendered":"Lac\u00f3n salado"},"content":{"rendered":"<p>El lac\u00f3n salado es una prenda de carne de cerdo, generalmente de la pata delantera, sometida a un proceso de salaz\u00f3n y curaci\u00f3n que le aporta un sabor suave y una textura firme, muy utilizado en la cocina tradicional gallega.<\/p>\n<ul>\n<li>Valor nutricional: El lac\u00f3n salado es una carne de cerdo rica en prote\u00ednas de alta calidad y con un contenido moderado de grasa, que aporta energ\u00eda y sabor suave dentro de una alimentaci\u00f3n equilibrada<\/li>\n<li>Ingredientes: Hombro de cerdo curado con sal<\/li>\n<li>Refrigerado: S\u00ed<\/li>\n<li>Congelado: No<\/li>\n<li>Al\u00e9rgenos: No<\/li>\n<li>Gluten: No<\/li>\n<li>Conservaci\u00f3n: La presentaci\u00f3n est\u00e1 al vac\u00edo, puede guardar el paquete 1 mes perfectamente y sino congelar.<\/li>\n<li>Or\u00edgen: Villalva (Lugo)<\/li>\n<\/ul>\n","protected":false},"excerpt":{"rendered":"<p>Trozo de aut\u00e9ntico lac\u00f3n salado para cocinar la fabada o el famoso &#8220;Lac\u00f3n con grelos&#8221; es necesario remojar unas horas antes de cocinar.<\/p>\n<p>Cada unidad peso aproximado 350gr<\/p>\n","protected":false},"featured_media":6430,"comment_status":"closed","ping_status":"closed","template":"","meta":[],"product_brand":[],"product_cat":[159,357,358],"product_tag":[],"class_list":{"0":"post-6424","1":"product","2":"type-product","3":"status-publish","4":"has-post-thumbnail","6":"product_cat-charcuteria-y-quesos","7":"product_cat-cocidos","8":"product_cat-curados","10":"first","11":"instock","12":"taxable","13":"shipping-taxable","14":"purchasable","15":"product-type-variable"},"yoast_head":"<!-- This site is optimized with the Yoast SEO plugin v27.5 - https:\/\/yoast.com\/product\/yoast-seo-wordpress\/ -->\n<title>Pernil de Terol tallat a m\u00e0quina - La botiga de Carns Bertran<\/title>\n<meta name=\"description\" content=\"Lac\u00f3n salado. Trozo de aut\u00e9ntico lac\u00f3n salado para cocinar la fabada o el famoso &quot;Lac\u00f3n con grelos&quot; es necesario remojar unas horas antes de cocinar.\" \/>\n<meta name=\"robots\" content=\"index, follow, max-snippet:-1, max-image-preview:large, max-video-preview:-1\" \/>\n<link rel=\"canonical\" href=\"https:\/\/labotigadecarnsbertran.cat\/es\/producto\/compango-copia\/\" \/>\n<meta property=\"og:locale\" content=\"es_ES\" \/>\n<meta property=\"og:type\" content=\"article\" \/>\n<meta property=\"og:title\" content=\"Pernil de Terol tallat a m\u00e0quina - La botiga de Carns Bertran\" \/>\n<meta property=\"og:description\" content=\"Lac\u00f3n salado. Trozo de aut\u00e9ntico lac\u00f3n salado para cocinar la fabada o el famoso &quot;Lac\u00f3n con grelos&quot; es necesario remojar unas horas antes de cocinar.\" \/>\n<meta property=\"og:url\" content=\"https:\/\/labotigadecarnsbertran.cat\/es\/producto\/compango-copia\/\" \/>\n<meta property=\"og:site_name\" content=\"La botiga de Carns Bertran\" \/>\n<meta property=\"article:modified_time\" content=\"2026-04-29T10:02:41+00:00\" \/>\n<meta property=\"og:image\" content=\"http:\/\/labotigadecarnsbertran.cat\/wp-content\/uploads\/2026\/04\/MG_8563.jpg\" \/>\n\t<meta property=\"og:image:width\" content=\"1200\" \/>\n\t<meta property=\"og:image:height\" content=\"800\" \/>\n\t<meta property=\"og:image:type\" content=\"image\/jpeg\" \/>\n<meta name=\"twitter:card\" content=\"summary_large_image\" \/>\n<meta name=\"twitter:label1\" content=\"Est. reading time\" \/>\n\t<meta name=\"twitter:data1\" content=\"1 minute\" \/>\n<script type=\"application\/ld+json\" class=\"yoast-schema-graph\">{\"@context\":\"https:\\\/\\\/schema.org\",\"@graph\":[{\"@type\":\"WebPage\",\"@id\":\"https:\\\/\\\/labotigadecarnsbertran.cat\\\/es\\\/producto\\\/compango-copia\\\/\",\"url\":\"https:\\\/\\\/labotigadecarnsbertran.cat\\\/es\\\/producto\\\/compango-copia\\\/\",\"name\":\"Pernil de Terol tallat a m\u00e0quina - La botiga de Carns Bertran\",\"isPartOf\":{\"@id\":\"https:\\\/\\\/labotigadecarnsbertran.cat\\\/#website\"},\"primaryImageOfPage\":{\"@id\":\"https:\\\/\\\/labotigadecarnsbertran.cat\\\/es\\\/producto\\\/compango-copia\\\/#primaryimage\"},\"image\":{\"@id\":\"https:\\\/\\\/labotigadecarnsbertran.cat\\\/es\\\/producto\\\/compango-copia\\\/#primaryimage\"},\"thumbnailUrl\":\"https:\\\/\\\/labotigadecarnsbertran.cat\\\/wp-content\\\/uploads\\\/2026\\\/04\\\/MG_8563.jpg\",\"datePublished\":\"2026-04-29T09:55:20+00:00\",\"dateModified\":\"2026-04-29T10:02:41+00:00\",\"description\":\"Lac\u00f3n salado. Trozo de aut\u00e9ntico lac\u00f3n salado para cocinar la fabada o el famoso \\\"Lac\u00f3n con grelos\\\" es necesario remojar unas horas antes de cocinar.\",\"breadcrumb\":{\"@id\":\"https:\\\/\\\/labotigadecarnsbertran.cat\\\/es\\\/producto\\\/compango-copia\\\/#breadcrumb\"},\"inLanguage\":\"es-ES\",\"potentialAction\":[{\"@type\":\"ReadAction\",\"target\":[\"https:\\\/\\\/labotigadecarnsbertran.cat\\\/es\\\/producto\\\/compango-copia\\\/\"]}]},{\"@type\":\"ImageObject\",\"inLanguage\":\"es-ES\",\"@id\":\"https:\\\/\\\/labotigadecarnsbertran.cat\\\/es\\\/producto\\\/compango-copia\\\/#primaryimage\",\"url\":\"https:\\\/\\\/labotigadecarnsbertran.cat\\\/wp-content\\\/uploads\\\/2026\\\/04\\\/MG_8563.jpg\",\"contentUrl\":\"https:\\\/\\\/labotigadecarnsbertran.cat\\\/wp-content\\\/uploads\\\/2026\\\/04\\\/MG_8563.jpg\",\"width\":1200,\"height\":800,\"caption\":\"Lac\u00f3n\"},{\"@type\":\"BreadcrumbList\",\"@id\":\"https:\\\/\\\/labotigadecarnsbertran.cat\\\/es\\\/producto\\\/compango-copia\\\/#breadcrumb\",\"itemListElement\":[{\"@type\":\"ListItem\",\"position\":1,\"name\":\"Inici\",\"item\":\"https:\\\/\\\/labotigadecarnsbertran.cat\\\/es\\\/\"},{\"@type\":\"ListItem\",\"position\":2,\"name\":\"Productes\",\"item\":\"https:\\\/\\\/labotigadecarnsbertran.cat\\\/shop\\\/\"},{\"@type\":\"ListItem\",\"position\":3,\"name\":\"Lac\u00f3n salado\"}]},{\"@type\":\"WebSite\",\"@id\":\"https:\\\/\\\/labotigadecarnsbertran.cat\\\/#website\",\"url\":\"https:\\\/\\\/labotigadecarnsbertran.cat\\\/\",\"name\":\"La botiga de Carns Bertran\",\"description\":\"Compra online\",\"potentialAction\":[{\"@type\":\"SearchAction\",\"target\":{\"@type\":\"EntryPoint\",\"urlTemplate\":\"https:\\\/\\\/labotigadecarnsbertran.cat\\\/?s={search_term_string}\"},\"query-input\":{\"@type\":\"PropertyValueSpecification\",\"valueRequired\":true,\"valueName\":\"search_term_string\"}}],\"inLanguage\":\"es-ES\"}]}<\/script>\n<!-- \/ Yoast SEO plugin. -->","yoast_head_json":{"title":"Pernil de Terol tallat a m\u00e0quina - La botiga de Carns Bertran","description":"Lac\u00f3n salado. Trozo de aut\u00e9ntico lac\u00f3n salado para cocinar la fabada o el famoso \"Lac\u00f3n con grelos\" es necesario remojar unas horas antes de cocinar.","robots":{"index":"index","follow":"follow","max-snippet":"max-snippet:-1","max-image-preview":"max-image-preview:large","max-video-preview":"max-video-preview:-1"},"canonical":"https:\/\/labotigadecarnsbertran.cat\/es\/producto\/compango-copia\/","og_locale":"es_ES","og_type":"article","og_title":"Pernil de Terol tallat a m\u00e0quina - La botiga de Carns Bertran","og_description":"Lac\u00f3n salado. Trozo de aut\u00e9ntico lac\u00f3n salado para cocinar la fabada o el famoso \"Lac\u00f3n con grelos\" es necesario remojar unas horas antes de cocinar.","og_url":"https:\/\/labotigadecarnsbertran.cat\/es\/producto\/compango-copia\/","og_site_name":"La botiga de Carns Bertran","article_modified_time":"2026-04-29T10:02:41+00:00","og_image":[{"width":1200,"height":800,"url":"http:\/\/labotigadecarnsbertran.cat\/wp-content\/uploads\/2026\/04\/MG_8563.jpg","type":"image\/jpeg"}],"twitter_card":"summary_large_image","twitter_misc":{"Est. reading time":"1 minute"},"schema":{"@context":"https:\/\/schema.org","@graph":[{"@type":"WebPage","@id":"https:\/\/labotigadecarnsbertran.cat\/es\/producto\/compango-copia\/","url":"https:\/\/labotigadecarnsbertran.cat\/es\/producto\/compango-copia\/","name":"Pernil de Terol tallat a m\u00e0quina - La botiga de Carns Bertran","isPartOf":{"@id":"https:\/\/labotigadecarnsbertran.cat\/#website"},"primaryImageOfPage":{"@id":"https:\/\/labotigadecarnsbertran.cat\/es\/producto\/compango-copia\/#primaryimage"},"image":{"@id":"https:\/\/labotigadecarnsbertran.cat\/es\/producto\/compango-copia\/#primaryimage"},"thumbnailUrl":"https:\/\/labotigadecarnsbertran.cat\/wp-content\/uploads\/2026\/04\/MG_8563.jpg","datePublished":"2026-04-29T09:55:20+00:00","dateModified":"2026-04-29T10:02:41+00:00","description":"Lac\u00f3n salado. Trozo de aut\u00e9ntico lac\u00f3n salado para cocinar la fabada o el famoso \"Lac\u00f3n con grelos\" es necesario remojar unas horas antes de cocinar.","breadcrumb":{"@id":"https:\/\/labotigadecarnsbertran.cat\/es\/producto\/compango-copia\/#breadcrumb"},"inLanguage":"es-ES","potentialAction":[{"@type":"ReadAction","target":["https:\/\/labotigadecarnsbertran.cat\/es\/producto\/compango-copia\/"]}]},{"@type":"ImageObject","inLanguage":"es-ES","@id":"https:\/\/labotigadecarnsbertran.cat\/es\/producto\/compango-copia\/#primaryimage","url":"https:\/\/labotigadecarnsbertran.cat\/wp-content\/uploads\/2026\/04\/MG_8563.jpg","contentUrl":"https:\/\/labotigadecarnsbertran.cat\/wp-content\/uploads\/2026\/04\/MG_8563.jpg","width":1200,"height":800,"caption":"Lac\u00f3n"},{"@type":"BreadcrumbList","@id":"https:\/\/labotigadecarnsbertran.cat\/es\/producto\/compango-copia\/#breadcrumb","itemListElement":[{"@type":"ListItem","position":1,"name":"Inici","item":"https:\/\/labotigadecarnsbertran.cat\/es\/"},{"@type":"ListItem","position":2,"name":"Productes","item":"https:\/\/labotigadecarnsbertran.cat\/shop\/"},{"@type":"ListItem","position":3,"name":"Lac\u00f3n salado"}]},{"@type":"WebSite","@id":"https:\/\/labotigadecarnsbertran.cat\/#website","url":"https:\/\/labotigadecarnsbertran.cat\/","name":"La botiga de Carns Bertran","description":"Compra online","potentialAction":[{"@type":"SearchAction","target":{"@type":"EntryPoint","urlTemplate":"https:\/\/labotigadecarnsbertran.cat\/?s={search_term_string}"},"query-input":{"@type":"PropertyValueSpecification","valueRequired":true,"valueName":"search_term_string"}}],"inLanguage":"es-ES"}]}},"_links":{"self":[{"href":"https:\/\/labotigadecarnsbertran.cat\/es\/wp-json\/wp\/v2\/product\/6424","targetHints":{"allow":["GET"]}}],"collection":[{"href":"https:\/\/labotigadecarnsbertran.cat\/es\/wp-json\/wp\/v2\/product"}],"about":[{"href":"https:\/\/labotigadecarnsbertran.cat\/es\/wp-json\/wp\/v2\/types\/product"}],"replies":[{"embeddable":true,"href":"https:\/\/labotigadecarnsbertran.cat\/es\/wp-json\/wp\/v2\/comments?post=6424"}],"wp:featuredmedia":[{"embeddable":true,"href":"https:\/\/labotigadecarnsbertran.cat\/es\/wp-json\/wp\/v2\/media\/6430"}],"wp:attachment":[{"href":"https:\/\/labotigadecarnsbertran.cat\/es\/wp-json\/wp\/v2\/media?parent=6424"}],"wp:term":[{"taxonomy":"product_brand","embeddable":true,"href":"https:\/\/labotigadecarnsbertran.cat\/es\/wp-json\/wp\/v2\/product_brand?post=6424"},{"taxonomy":"product_cat","embeddable":true,"href":"https:\/\/labotigadecarnsbertran.cat\/es\/wp-json\/wp\/v2\/product_cat?post=6424"},{"taxonomy":"product_tag","embeddable":true,"href":"https:\/\/labotigadecarnsbertran.cat\/es\/wp-json\/wp\/v2\/product_tag?post=6424"}],"curies":[{"name":"wp","href":"https:\/\/api.w.org\/{rel}","templated":true}]}}

Lacón salado

<p>El lacón salado es una prenda de carne de cerdo, generalmente de la pata delantera, sometida a un proceso de salazón y curación que le aporta un sabor suave y una textura firme, muy utilizado en la cocina tradicional gallega.</p>
<ul>
<li>Valor nutricional: El lacón salado es una carne de cerdo rica en proteínas de alta calidad y con un contenido moderado de grasa, que aporta energía y sabor suave dentro de una alimentación equilibrada</li>
<li>Ingredientes: Hombro de cerdo curado con sal</li>
<li>Refrigerado: Sí</li>
<li>Congelado: No</li>
<li>Alérgenos: No</li>
<li>Gluten: No</li>
<li>Conservación: La presentación está al vacío, puede guardar el paquete 1 mes perfectamente y sino congelar.</li>
<li>Orígen: Villalva (Lugo)</li>
</ul>

<p>Trozo de auténtico lacón salado para cocinar la fabada o el famoso &#8220;Lacón con grelos&#8221; es necesario remojar unas horas antes de cocinar.</p>
<p>Cada unidad peso aproximado 350gr</p>

<!-- This site is optimized with the Yoast SEO plugin v27.5 - https://yoast.com/product/yoast-seo-wordpress/ -->
<title>Pernil de Terol tallat a màquina - La botiga de Carns Bertran</title>
<meta name="description" content="Lacón salado. Trozo de auténtico lacón salado para cocinar la fabada o el famoso &quot;Lacón con grelos&quot; es necesario remojar unas horas antes de cocinar." />
<meta name="robots" content="index, follow, max-snippet:-1, max-image-preview:large, max-video-preview:-1" />
<link rel="canonical" href="https://labotigadecarnsbertran.cat/es/producto/compango-copia/" />
<meta property="og:locale" content="es_ES" />
<meta property="og:type" content="article" />
<meta property="og:title" content="Pernil de Terol tallat a màquina - La botiga de Carns Bertran" />
<meta property="og:description" content="Lacón salado. Trozo de auténtico lacón salado para cocinar la fabada o el famoso &quot;Lacón con grelos&quot; es necesario remojar unas horas antes de cocinar." />
<meta property="og:url" content="https://labotigadecarnsbertran.cat/es/producto/compango-copia/" />
<meta property="og:site_name" content="La botiga de Carns Bertran" />
<meta property="article:modified_time" content="2026-04-29T10:02:41+00:00" />
<meta property="og:image" content="http://labotigadecarnsbertran.cat/wp-content/uploads/2026/04/MG_8563.jpg" />
	<meta property="og:image:width" content="1200" />
	<meta property="og:image:height" content="800" />
	<meta property="og:image:type" content="image/jpeg" />
<meta name="twitter:card" content="summary_large_image" />
<meta name="twitter:label1" content="Est. reading time" />
	<meta name="twitter:data1" content="1 minute" />
<script type="application/ld+json" class="yoast-schema-graph">{"@context":"https:\/\/schema.org","@graph":[{"@type":"WebPage","@id":"https:\/\/labotigadecarnsbertran.cat\/es\/producto\/compango-copia\/","url":"https:\/\/labotigadecarnsbertran.cat\/es\/producto\/compango-copia\/","name":"Pernil de Terol tallat a màquina - La botiga de Carns Bertran","isPartOf":{"@id":"https:\/\/labotigadecarnsbertran.cat\/#website"},"primaryImageOfPage":{"@id":"https:\/\/labotigadecarnsbertran.cat\/es\/producto\/compango-copia\/#primaryimage"},"image":{"@id":"https:\/\/labotigadecarnsbertran.cat\/es\/producto\/compango-copia\/#primaryimage"},"thumbnailUrl":"https:\/\/labotigadecarnsbertran.cat\/wp-content\/uploads\/2026\/04\/MG_8563.jpg","datePublished":"2026-04-29T09:55:20+00:00","dateModified":"2026-04-29T10:02:41+00:00","description":"Lacón salado. Trozo de auténtico lacón salado para cocinar la fabada o el famoso \"Lacón con grelos\" es necesario remojar unas horas antes de cocinar.","breadcrumb":{"@id":"https:\/\/labotigadecarnsbertran.cat\/es\/producto\/compango-copia\/#breadcrumb"},"inLanguage":"es-ES","potentialAction":[{"@type":"ReadAction","target":["https:\/\/labotigadecarnsbertran.cat\/es\/producto\/compango-copia\/"]}]},{"@type":"ImageObject","inLanguage":"es-ES","@id":"https:\/\/labotigadecarnsbertran.cat\/es\/producto\/compango-copia\/#primaryimage","url":"https:\/\/labotigadecarnsbertran.cat\/wp-content\/uploads\/2026\/04\/MG_8563.jpg","contentUrl":"https:\/\/labotigadecarnsbertran.cat\/wp-content\/uploads\/2026\/04\/MG_8563.jpg","width":1200,"height":800,"caption":"Lacón"},{"@type":"BreadcrumbList","@id":"https:\/\/labotigadecarnsbertran.cat\/es\/producto\/compango-copia\/#breadcrumb","itemListElement":[{"@type":"ListItem","position":1,"name":"Inici","item":"https:\/\/labotigadecarnsbertran.cat\/es\/"},{"@type":"ListItem","position":2,"name":"Productes","item":"https:\/\/labotigadecarnsbertran.cat\/shop\/"},{"@type":"ListItem","position":3,"name":"Lacón salado"}]},{"@type":"WebSite","@id":"https:\/\/labotigadecarnsbertran.cat\/#website","url":"https:\/\/labotigadecarnsbertran.cat\/","name":"La botiga de Carns Bertran","description":"Compra online","potentialAction":[{"@type":"SearchAction","target":{"@type":"EntryPoint","urlTemplate":"https:\/\/labotigadecarnsbertran.cat\/?s={search_term_string}"},"query-input":{"@type":"PropertyValueSpecification","valueRequired":true,"valueName":"search_term_string"}}],"inLanguage":"es-ES"}]}</script>
<!-- / Yoast SEO plugin. -->

Pernil de Terol tallat a màquina - La botiga de Carns Bertran

Lacón salado. Trozo de auténtico lacón salado para cocinar la fabada o el famoso "Lacón con grelos" es necesario remojar unas horas antes de cocinar.

Lacón
