{"id":6434,"date":"2026-04-29T10:03:38","date_gmt":"2026-04-29T10:03:38","guid":{"rendered":"https:\/\/labotigadecarnsbertran.cat\/?post_type=product&#038;p=6434"},"modified":"2026-04-29T10:35:31","modified_gmt":"2026-04-29T10:35:31","slug":"lacon-salado-copia","status":"publish","type":"product","link":"https:\/\/labotigadecarnsbertran.cat\/es\/producto\/lacon-salado-copia\/","title":{"rendered":"Fabes Asturianas"},"content":{"rendered":"<p>Las fabas asturianas son una variedad de jud\u00eda blanca grande y mantecosa, muy apreciada en la cocina tradicional asturiana por su textura suave y su capacidad de absorber el sabor de los guisos.<\/p>\n<p><strong>Cada unidad es una raci\u00f3n (125g.)<\/strong><\/p>\n<ul>\n<li>Valor nutricional: Las fabas asturianas son una legumbre rica en prote\u00ednas vegetales, fibra e hidratos de carbono de absorci\u00f3n lenta, que aportan energ\u00eda sostenida y contribuyen a una alimentaci\u00f3n equilibrada y nutritiva.<\/li>\n<li>Ingredientes: &#8220;Fabes&#8221; secas<\/li>\n<li>Refrigerat: No<\/li>\n<li>Congelado: No<\/li>\n<li>Al\u00e9rgenos: No<\/li>\n<li>Gluten: No<\/li>\n<li>Conservaci\u00f3n: Es una legumbre seca y cada a\u00f1o se recolecta, pero si la guarda en la nevera la puede tener m\u00e1s temporadas.<\/li>\n<li>Or\u00edgen: Asturias<\/li>\n<\/ul>\n","protected":false},"excerpt":{"rendered":"<p>&#8220;Fabes&#8221; de la granja Asturiana amb indicaci\u00f3 Geogr\u00e0fica Protegida (IGP) La raci\u00f3 per persona \u00e9s de 125gr. Puede pedir la receta y se la daremos con el pedido. <\/p>\n<p><strong>Cada unidad es una raci\u00f3n (125g.)<\/strong><\/p>\n","protected":false},"featured_media":6442,"comment_status":"closed","ping_status":"closed","template":"","meta":[],"product_brand":[],"product_cat":[376],"product_tag":[],"class_list":{"0":"post-6434","1":"product","2":"type-product","3":"status-publish","4":"has-post-thumbnail","6":"product_cat-otros","8":"first","9":"instock","10":"taxable","11":"shipping-taxable","12":"purchasable","13":"product-type-variable"},"yoast_head":"<!-- This site is optimized with the Yoast SEO plugin v27.5 - https:\/\/yoast.com\/product\/yoast-seo-wordpress\/ -->\n<title>Pernil de Terol tallat a m\u00e0quina - La botiga de Carns Bertran<\/title>\n<meta name=\"description\" content=\"Fabes Asturianas. &quot;Fabes&quot; de la granja Asturiana con indicaci\u00f3n Geogr\u00e1fica Protegida (IGP) La raci\u00f3n por persona es de 125gr. &quot;Fabes&quot; de la granja Asturiana con indicaci\u00f3n Geogr\u00e1fica Protegida (IGP) La raci\u00f3n por persona es de 125gr.\" \/>\n<meta name=\"robots\" content=\"index, follow, max-snippet:-1, max-image-preview:large, max-video-preview:-1\" \/>\n<link rel=\"canonical\" href=\"https:\/\/labotigadecarnsbertran.cat\/es\/producto\/lacon-salado-copia\/\" \/>\n<meta property=\"og:locale\" content=\"es_ES\" \/>\n<meta property=\"og:type\" content=\"article\" \/>\n<meta property=\"og:title\" content=\"Pernil de Terol tallat a m\u00e0quina - La botiga de Carns Bertran\" \/>\n<meta property=\"og:description\" content=\"Fabes Asturianas. &quot;Fabes&quot; de la granja Asturiana con indicaci\u00f3n Geogr\u00e1fica Protegida (IGP) La raci\u00f3n por persona es de 125gr. &quot;Fabes&quot; de la granja Asturiana con indicaci\u00f3n Geogr\u00e1fica Protegida (IGP) La raci\u00f3n por persona es de 125gr.\" \/>\n<meta property=\"og:url\" content=\"https:\/\/labotigadecarnsbertran.cat\/es\/producto\/lacon-salado-copia\/\" \/>\n<meta property=\"og:site_name\" content=\"La botiga de Carns Bertran\" \/>\n<meta property=\"article:modified_time\" content=\"2026-04-29T10:35:31+00:00\" \/>\n<meta property=\"og:image\" content=\"https:\/\/labotigadecarnsbertran.cat\/wp-content\/uploads\/2026\/04\/MG_8577.jpg\" \/>\n\t<meta property=\"og:image:width\" content=\"1200\" \/>\n\t<meta property=\"og:image:height\" content=\"800\" \/>\n\t<meta property=\"og:image:type\" content=\"image\/jpeg\" \/>\n<meta name=\"twitter:card\" content=\"summary_large_image\" \/>\n<meta name=\"twitter:label1\" content=\"Est. reading time\" \/>\n\t<meta name=\"twitter:data1\" content=\"1 minute\" \/>\n<script type=\"application\/ld+json\" class=\"yoast-schema-graph\">{\"@context\":\"https:\\\/\\\/schema.org\",\"@graph\":[{\"@type\":\"WebPage\",\"@id\":\"https:\\\/\\\/labotigadecarnsbertran.cat\\\/es\\\/producto\\\/lacon-salado-copia\\\/\",\"url\":\"https:\\\/\\\/labotigadecarnsbertran.cat\\\/es\\\/producto\\\/lacon-salado-copia\\\/\",\"name\":\"Pernil de Terol tallat a m\u00e0quina - La botiga de Carns Bertran\",\"isPartOf\":{\"@id\":\"https:\\\/\\\/labotigadecarnsbertran.cat\\\/#website\"},\"primaryImageOfPage\":{\"@id\":\"https:\\\/\\\/labotigadecarnsbertran.cat\\\/es\\\/producto\\\/lacon-salado-copia\\\/#primaryimage\"},\"image\":{\"@id\":\"https:\\\/\\\/labotigadecarnsbertran.cat\\\/es\\\/producto\\\/lacon-salado-copia\\\/#primaryimage\"},\"thumbnailUrl\":\"https:\\\/\\\/labotigadecarnsbertran.cat\\\/wp-content\\\/uploads\\\/2026\\\/04\\\/MG_8577.jpg\",\"datePublished\":\"2026-04-29T10:03:38+00:00\",\"dateModified\":\"2026-04-29T10:35:31+00:00\",\"description\":\"Fabes Asturianas. \\\"Fabes\\\" de la granja Asturiana con indicaci\u00f3n Geogr\u00e1fica Protegida (IGP) La raci\u00f3n por persona es de 125gr. \\\"Fabes\\\" de la granja Asturiana con indicaci\u00f3n Geogr\u00e1fica Protegida (IGP) La raci\u00f3n por persona es de 125gr.\",\"breadcrumb\":{\"@id\":\"https:\\\/\\\/labotigadecarnsbertran.cat\\\/es\\\/producto\\\/lacon-salado-copia\\\/#breadcrumb\"},\"inLanguage\":\"es-ES\",\"potentialAction\":[{\"@type\":\"ReadAction\",\"target\":[\"https:\\\/\\\/labotigadecarnsbertran.cat\\\/es\\\/producto\\\/lacon-salado-copia\\\/\"]}]},{\"@type\":\"ImageObject\",\"inLanguage\":\"es-ES\",\"@id\":\"https:\\\/\\\/labotigadecarnsbertran.cat\\\/es\\\/producto\\\/lacon-salado-copia\\\/#primaryimage\",\"url\":\"https:\\\/\\\/labotigadecarnsbertran.cat\\\/wp-content\\\/uploads\\\/2026\\\/04\\\/MG_8577.jpg\",\"contentUrl\":\"https:\\\/\\\/labotigadecarnsbertran.cat\\\/wp-content\\\/uploads\\\/2026\\\/04\\\/MG_8577.jpg\",\"width\":1200,\"height\":800},{\"@type\":\"BreadcrumbList\",\"@id\":\"https:\\\/\\\/labotigadecarnsbertran.cat\\\/es\\\/producto\\\/lacon-salado-copia\\\/#breadcrumb\",\"itemListElement\":[{\"@type\":\"ListItem\",\"position\":1,\"name\":\"Inici\",\"item\":\"https:\\\/\\\/labotigadecarnsbertran.cat\\\/es\\\/\"},{\"@type\":\"ListItem\",\"position\":2,\"name\":\"Productes\",\"item\":\"https:\\\/\\\/labotigadecarnsbertran.cat\\\/shop\\\/\"},{\"@type\":\"ListItem\",\"position\":3,\"name\":\"Fabes Asturianas\"}]},{\"@type\":\"WebSite\",\"@id\":\"https:\\\/\\\/labotigadecarnsbertran.cat\\\/#website\",\"url\":\"https:\\\/\\\/labotigadecarnsbertran.cat\\\/\",\"name\":\"La botiga de Carns Bertran\",\"description\":\"Compra online\",\"potentialAction\":[{\"@type\":\"SearchAction\",\"target\":{\"@type\":\"EntryPoint\",\"urlTemplate\":\"https:\\\/\\\/labotigadecarnsbertran.cat\\\/?s={search_term_string}\"},\"query-input\":{\"@type\":\"PropertyValueSpecification\",\"valueRequired\":true,\"valueName\":\"search_term_string\"}}],\"inLanguage\":\"es-ES\"}]}<\/script>\n<!-- \/ Yoast SEO plugin. -->","yoast_head_json":{"title":"Pernil de Terol tallat a m\u00e0quina - La botiga de Carns Bertran","description":"Fabes Asturianas. \"Fabes\" de la granja Asturiana con indicaci\u00f3n Geogr\u00e1fica Protegida (IGP) La raci\u00f3n por persona es de 125gr. \"Fabes\" de la granja Asturiana con indicaci\u00f3n Geogr\u00e1fica Protegida (IGP) La raci\u00f3n por persona es de 125gr.","robots":{"index":"index","follow":"follow","max-snippet":"max-snippet:-1","max-image-preview":"max-image-preview:large","max-video-preview":"max-video-preview:-1"},"canonical":"https:\/\/labotigadecarnsbertran.cat\/es\/producto\/lacon-salado-copia\/","og_locale":"es_ES","og_type":"article","og_title":"Pernil de Terol tallat a m\u00e0quina - La botiga de Carns Bertran","og_description":"Fabes Asturianas. \"Fabes\" de la granja Asturiana con indicaci\u00f3n Geogr\u00e1fica Protegida (IGP) La raci\u00f3n por persona es de 125gr. \"Fabes\" de la granja Asturiana con indicaci\u00f3n Geogr\u00e1fica Protegida (IGP) La raci\u00f3n por persona es de 125gr.","og_url":"https:\/\/labotigadecarnsbertran.cat\/es\/producto\/lacon-salado-copia\/","og_site_name":"La botiga de Carns Bertran","article_modified_time":"2026-04-29T10:35:31+00:00","og_image":[{"width":1200,"height":800,"url":"https:\/\/labotigadecarnsbertran.cat\/wp-content\/uploads\/2026\/04\/MG_8577.jpg","type":"image\/jpeg"}],"twitter_card":"summary_large_image","twitter_misc":{"Est. reading time":"1 minute"},"schema":{"@context":"https:\/\/schema.org","@graph":[{"@type":"WebPage","@id":"https:\/\/labotigadecarnsbertran.cat\/es\/producto\/lacon-salado-copia\/","url":"https:\/\/labotigadecarnsbertran.cat\/es\/producto\/lacon-salado-copia\/","name":"Pernil de Terol tallat a m\u00e0quina - La botiga de Carns Bertran","isPartOf":{"@id":"https:\/\/labotigadecarnsbertran.cat\/#website"},"primaryImageOfPage":{"@id":"https:\/\/labotigadecarnsbertran.cat\/es\/producto\/lacon-salado-copia\/#primaryimage"},"image":{"@id":"https:\/\/labotigadecarnsbertran.cat\/es\/producto\/lacon-salado-copia\/#primaryimage"},"thumbnailUrl":"https:\/\/labotigadecarnsbertran.cat\/wp-content\/uploads\/2026\/04\/MG_8577.jpg","datePublished":"2026-04-29T10:03:38+00:00","dateModified":"2026-04-29T10:35:31+00:00","description":"Fabes Asturianas. \"Fabes\" de la granja Asturiana con indicaci\u00f3n Geogr\u00e1fica Protegida (IGP) La raci\u00f3n por persona es de 125gr. \"Fabes\" de la granja Asturiana con indicaci\u00f3n Geogr\u00e1fica Protegida (IGP) La raci\u00f3n por persona es de 125gr.","breadcrumb":{"@id":"https:\/\/labotigadecarnsbertran.cat\/es\/producto\/lacon-salado-copia\/#breadcrumb"},"inLanguage":"es-ES","potentialAction":[{"@type":"ReadAction","target":["https:\/\/labotigadecarnsbertran.cat\/es\/producto\/lacon-salado-copia\/"]}]},{"@type":"ImageObject","inLanguage":"es-ES","@id":"https:\/\/labotigadecarnsbertran.cat\/es\/producto\/lacon-salado-copia\/#primaryimage","url":"https:\/\/labotigadecarnsbertran.cat\/wp-content\/uploads\/2026\/04\/MG_8577.jpg","contentUrl":"https:\/\/labotigadecarnsbertran.cat\/wp-content\/uploads\/2026\/04\/MG_8577.jpg","width":1200,"height":800},{"@type":"BreadcrumbList","@id":"https:\/\/labotigadecarnsbertran.cat\/es\/producto\/lacon-salado-copia\/#breadcrumb","itemListElement":[{"@type":"ListItem","position":1,"name":"Inici","item":"https:\/\/labotigadecarnsbertran.cat\/es\/"},{"@type":"ListItem","position":2,"name":"Productes","item":"https:\/\/labotigadecarnsbertran.cat\/shop\/"},{"@type":"ListItem","position":3,"name":"Fabes Asturianas"}]},{"@type":"WebSite","@id":"https:\/\/labotigadecarnsbertran.cat\/#website","url":"https:\/\/labotigadecarnsbertran.cat\/","name":"La botiga de Carns Bertran","description":"Compra online","potentialAction":[{"@type":"SearchAction","target":{"@type":"EntryPoint","urlTemplate":"https:\/\/labotigadecarnsbertran.cat\/?s={search_term_string}"},"query-input":{"@type":"PropertyValueSpecification","valueRequired":true,"valueName":"search_term_string"}}],"inLanguage":"es-ES"}]}},"_links":{"self":[{"href":"https:\/\/labotigadecarnsbertran.cat\/es\/wp-json\/wp\/v2\/product\/6434","targetHints":{"allow":["GET"]}}],"collection":[{"href":"https:\/\/labotigadecarnsbertran.cat\/es\/wp-json\/wp\/v2\/product"}],"about":[{"href":"https:\/\/labotigadecarnsbertran.cat\/es\/wp-json\/wp\/v2\/types\/product"}],"replies":[{"embeddable":true,"href":"https:\/\/labotigadecarnsbertran.cat\/es\/wp-json\/wp\/v2\/comments?post=6434"}],"wp:featuredmedia":[{"embeddable":true,"href":"https:\/\/labotigadecarnsbertran.cat\/es\/wp-json\/wp\/v2\/media\/6442"}],"wp:attachment":[{"href":"https:\/\/labotigadecarnsbertran.cat\/es\/wp-json\/wp\/v2\/media?parent=6434"}],"wp:term":[{"taxonomy":"product_brand","embeddable":true,"href":"https:\/\/labotigadecarnsbertran.cat\/es\/wp-json\/wp\/v2\/product_brand?post=6434"},{"taxonomy":"product_cat","embeddable":true,"href":"https:\/\/labotigadecarnsbertran.cat\/es\/wp-json\/wp\/v2\/product_cat?post=6434"},{"taxonomy":"product_tag","embeddable":true,"href":"https:\/\/labotigadecarnsbertran.cat\/es\/wp-json\/wp\/v2\/product_tag?post=6434"}],"curies":[{"name":"wp","href":"https:\/\/api.w.org\/{rel}","templated":true}]}}

<p>Las fabas asturianas son una variedad de judía blanca grande y mantecosa, muy apreciada en la cocina tradicional asturiana por su textura suave y su capacidad de absorber el sabor de los guisos.</p>
<p><strong>Cada unidad es una ración (125g.)</strong></p>
<ul>
<li>Valor nutricional: Las fabas asturianas son una legumbre rica en proteínas vegetales, fibra e hidratos de carbono de absorción lenta, que aportan energía sostenida y contribuyen a una alimentación equilibrada y nutritiva.</li>
<li>Ingredientes: &#8220;Fabes&#8221; secas</li>
<li>Refrigerat: No</li>
<li>Congelado: No</li>
<li>Alérgenos: No</li>
<li>Gluten: No</li>
<li>Conservación: Es una legumbre seca y cada año se recolecta, pero si la guarda en la nevera la puede tener más temporadas.</li>
<li>Orígen: Asturias</li>
</ul>

<p>&#8220;Fabes&#8221; de la granja Asturiana amb indicació Geogràfica Protegida (IGP) La ració per persona és de 125gr. Puede pedir la receta y se la daremos con el pedido. </p>
<p><strong>Cada unidad es una ración (125g.)</strong></p>

<!-- This site is optimized with the Yoast SEO plugin v27.5 - https://yoast.com/product/yoast-seo-wordpress/ -->
<title>Pernil de Terol tallat a màquina - La botiga de Carns Bertran</title>
<meta name="description" content="Fabes Asturianas. &quot;Fabes&quot; de la granja Asturiana con indicación Geográfica Protegida (IGP) La ración por persona es de 125gr. &quot;Fabes&quot; de la granja Asturiana con indicación Geográfica Protegida (IGP) La ración por persona es de 125gr." />
<meta name="robots" content="index, follow, max-snippet:-1, max-image-preview:large, max-video-preview:-1" />
<link rel="canonical" href="https://labotigadecarnsbertran.cat/es/producto/lacon-salado-copia/" />
<meta property="og:locale" content="es_ES" />
<meta property="og:type" content="article" />
<meta property="og:title" content="Pernil de Terol tallat a màquina - La botiga de Carns Bertran" />
<meta property="og:description" content="Fabes Asturianas. &quot;Fabes&quot; de la granja Asturiana con indicación Geográfica Protegida (IGP) La ración por persona es de 125gr. &quot;Fabes&quot; de la granja Asturiana con indicación Geográfica Protegida (IGP) La ración por persona es de 125gr." />
<meta property="og:url" content="https://labotigadecarnsbertran.cat/es/producto/lacon-salado-copia/" />
<meta property="og:site_name" content="La botiga de Carns Bertran" />
<meta property="article:modified_time" content="2026-04-29T10:35:31+00:00" />
<meta property="og:image" content="https://labotigadecarnsbertran.cat/wp-content/uploads/2026/04/MG_8577.jpg" />
	<meta property="og:image:width" content="1200" />
	<meta property="og:image:height" content="800" />
	<meta property="og:image:type" content="image/jpeg" />
<meta name="twitter:card" content="summary_large_image" />
<meta name="twitter:label1" content="Est. reading time" />
	<meta name="twitter:data1" content="1 minute" />
<script type="application/ld+json" class="yoast-schema-graph">{"@context":"https:\/\/schema.org","@graph":[{"@type":"WebPage","@id":"https:\/\/labotigadecarnsbertran.cat\/es\/producto\/lacon-salado-copia\/","url":"https:\/\/labotigadecarnsbertran.cat\/es\/producto\/lacon-salado-copia\/","name":"Pernil de Terol tallat a màquina - La botiga de Carns Bertran","isPartOf":{"@id":"https:\/\/labotigadecarnsbertran.cat\/#website"},"primaryImageOfPage":{"@id":"https:\/\/labotigadecarnsbertran.cat\/es\/producto\/lacon-salado-copia\/#primaryimage"},"image":{"@id":"https:\/\/labotigadecarnsbertran.cat\/es\/producto\/lacon-salado-copia\/#primaryimage"},"thumbnailUrl":"https:\/\/labotigadecarnsbertran.cat\/wp-content\/uploads\/2026\/04\/MG_8577.jpg","datePublished":"2026-04-29T10:03:38+00:00","dateModified":"2026-04-29T10:35:31+00:00","description":"Fabes Asturianas. \"Fabes\" de la granja Asturiana con indicación Geográfica Protegida (IGP) La ración por persona es de 125gr. \"Fabes\" de la granja Asturiana con indicación Geográfica Protegida (IGP) La ración por persona es de 125gr.","breadcrumb":{"@id":"https:\/\/labotigadecarnsbertran.cat\/es\/producto\/lacon-salado-copia\/#breadcrumb"},"inLanguage":"es-ES","potentialAction":[{"@type":"ReadAction","target":["https:\/\/labotigadecarnsbertran.cat\/es\/producto\/lacon-salado-copia\/"]}]},{"@type":"ImageObject","inLanguage":"es-ES","@id":"https:\/\/labotigadecarnsbertran.cat\/es\/producto\/lacon-salado-copia\/#primaryimage","url":"https:\/\/labotigadecarnsbertran.cat\/wp-content\/uploads\/2026\/04\/MG_8577.jpg","contentUrl":"https:\/\/labotigadecarnsbertran.cat\/wp-content\/uploads\/2026\/04\/MG_8577.jpg","width":1200,"height":800},{"@type":"BreadcrumbList","@id":"https:\/\/labotigadecarnsbertran.cat\/es\/producto\/lacon-salado-copia\/#breadcrumb","itemListElement":[{"@type":"ListItem","position":1,"name":"Inici","item":"https:\/\/labotigadecarnsbertran.cat\/es\/"},{"@type":"ListItem","position":2,"name":"Productes","item":"https:\/\/labotigadecarnsbertran.cat\/shop\/"},{"@type":"ListItem","position":3,"name":"Fabes Asturianas"}]},{"@type":"WebSite","@id":"https:\/\/labotigadecarnsbertran.cat\/#website","url":"https:\/\/labotigadecarnsbertran.cat\/","name":"La botiga de Carns Bertran","description":"Compra online","potentialAction":[{"@type":"SearchAction","target":{"@type":"EntryPoint","urlTemplate":"https:\/\/labotigadecarnsbertran.cat\/?s={search_term_string}"},"query-input":{"@type":"PropertyValueSpecification","valueRequired":true,"valueName":"search_term_string"}}],"inLanguage":"es-ES"}]}</script>
<!-- / Yoast SEO plugin. -->

Pernil de Terol tallat a màquina - La botiga de Carns Bertran

Fabes Asturianas. "Fabes" de la granja Asturiana con indicación Geográfica Protegida (IGP) La ración por persona es de 125gr. "Fabes" de la granja Asturiana con indicación Geográfica Protegida (IGP) La ración por persona es de 125gr.
